{"id":7,"date":"2017-02-13T16:29:40","date_gmt":"2017-02-13T16:29:40","guid":{"rendered":"http:\/\/generalesdv.uprrp.edu\/psae\/?page_id=7"},"modified":"2026-03-24T14:29:47","modified_gmt":"2026-03-24T14:29:47","slug":"front-page","status":"publish","type":"page","link":"https:\/\/generales.uprrp.edu\/psae\/","title":{"rendered":"PSAE"},"content":{"rendered":"\t\t<div data-elementor-type=\"wp-page\" data-elementor-id=\"7\" class=\"elementor elementor-7\">\n\t\t\t\t\t\t<section class=\"elementor-section elementor-top-section elementor-element elementor-element-8907c87 elementor-section-boxed elementor-section-height-default elementor-section-height-default\" data-id=\"8907c87\" data-element_type=\"section\" data-e-type=\"section\">\n\t\t\t\t\t\t<div class=\"elementor-container elementor-column-gap-default\">\n\t\t\t\t\t<div class=\"elementor-column elementor-col-100 elementor-top-column elementor-element elementor-element-1b2b281\" data-id=\"1b2b281\" data-element_type=\"column\" data-e-type=\"column\">\n\t\t\t<div class=\"elementor-widget-wrap elementor-element-populated\">\n\t\t\t\t\t\t<div class=\"elementor-element elementor-element-5b4f2f17 elementor-widget elementor-widget-text-editor\" data-id=\"5b4f2f17\" data-element_type=\"widget\" data-e-type=\"widget\" data-widget_type=\"text-editor.default\">\n\t\t\t\t<div class=\"elementor-widget-container\">\n\t\t\t\t\t\t\t\t\t<p style=\"text-align: center\"><img fetchpriority=\"high\" decoding=\"async\" class=\"alignnone wp-image-119 \" src=\"https:\/\/generales.uprrp.edu\/psae\/wp-content\/uploads\/sites\/13\/2017\/02\/PSAE-header-300x108.png\" alt=\"\" width=\"704\" height=\"253\" srcset=\"https:\/\/generales.uprrp.edu\/psae\/wp-content\/uploads\/sites\/13\/2017\/02\/PSAE-header-300x108.png 300w, https:\/\/generales.uprrp.edu\/psae\/wp-content\/uploads\/sites\/13\/2017\/02\/PSAE-header-1024x367.png 1024w, https:\/\/generales.uprrp.edu\/psae\/wp-content\/uploads\/sites\/13\/2017\/02\/PSAE-header.png 1770w, https:\/\/generales.uprrp.edu\/psae\/wp-content\/uploads\/sites\/13\/2017\/02\/PSAE-header-300x108@2x.png 600w\" sizes=\"(max-width: 704px) 100vw, 704px\" \/><\/p>\r\n<p style=\"text-align: center\"><b><span style=\"color: #000000;font-family: georgia, serif;font-size: x-large\">BIENVENIDOS A NUESTRO PORTAL ELECTR\u00d3NICO<\/span><\/b><\/p>\r\n\r\n<h2 style=\"text-align: center\"><span style=\"color: #ff0000\"><span lang=\"ES-TRAD\"><b>\u00a1<i>Una<\/i><\/b><\/span><b><i>\u00a0vez PSAE, siempre PSAE!<\/i><\/b><\/span><\/h2>\r\n<p style=\"text-align: center\"><span style=\"color: #000000\">El Programa de Servicios de Apoyo al Estudiante es un programa federal que tiene el privilegio de brindar servicios de Tutor\u00edas, Mentor\u00eda, Orientaci\u00f3n y Consejer\u00eda a un grupo de estudiantes de la Universidad de Puerto Rico, Recinto de R\u00edo Piedras. El objetivo principal de este programa es brindar apoyo al estudiante durante su carrera de bachillerato para lograr sus metas de graduaci\u00f3n con el mejor promedio posible.<\/span><\/p>\r\n<p style=\"text-align: center\"><span style=\"color: #000000\">\u00a1Te estaremos acompa\u00f1ando durante esta nueva etapa de tu vida, para que de esta forma logres tus metas y juntos alcanzar el \u00e9xito!<\/span><\/p>\r\n<p style=\"text-align: center\"><span style=\"color: #000000\">Te invitamos a explorar nuestra p\u00e1gina en l\u00ednea para que te mantengas informado sobre qui\u00e9nes somos y nuestra raz\u00f3n de ser.<\/span><\/p>\t\t\t\t\t\t\t\t<\/div>\n\t\t\t\t<\/div>\n\t\t\t\t\t<\/div>\n\t\t<\/div>\n\t\t\t\t\t<\/div>\n\t\t<\/section>\n\t\t\t\t<section class=\"elementor-section elementor-top-section elementor-element elementor-element-dd79bee elementor-section-boxed elementor-section-height-default elementor-section-height-default\" data-id=\"dd79bee\" data-element_type=\"section\" data-e-type=\"section\">\n\t\t\t\t\t\t<div class=\"elementor-container elementor-column-gap-default\">\n\t\t\t\t\t<div class=\"elementor-column elementor-col-100 elementor-top-column elementor-element elementor-element-595236a\" data-id=\"595236a\" data-element_type=\"column\" data-e-type=\"column\">\n\t\t\t<div class=\"elementor-widget-wrap elementor-element-populated\">\n\t\t\t\t\t\t<div class=\"elementor-element elementor-element-32f9027 elementor-widget elementor-widget-text-editor\" data-id=\"32f9027\" data-element_type=\"widget\" data-e-type=\"widget\" data-widget_type=\"text-editor.default\">\n\t\t\t\t<div class=\"elementor-widget-container\">\n\t\t\t\t\t\t\t\t\t<h2>Documentos de entrevista \/ Pre Universitario 2026\u00a0<\/h2>\t\t\t\t\t\t\t\t<\/div>\n\t\t\t\t<\/div>\n\t\t\t\t\t<\/div>\n\t\t<\/div>\n\t\t\t\t\t<\/div>\n\t\t<\/section>\n\t\t\t\t<section class=\"elementor-section elementor-top-section elementor-element elementor-element-8ad5bfe elementor-section-boxed elementor-section-height-default elementor-section-height-default\" data-id=\"8ad5bfe\" data-element_type=\"section\" data-e-type=\"section\">\n\t\t\t\t\t\t<div class=\"elementor-container elementor-column-gap-default\">\n\t\t\t\t\t<div class=\"elementor-column elementor-col-33 elementor-top-column elementor-element elementor-element-5abfa63\" data-id=\"5abfa63\" data-element_type=\"column\" data-e-type=\"column\">\n\t\t\t<div class=\"elementor-widget-wrap elementor-element-populated\">\n\t\t\t\t\t\t<div class=\"elementor-element elementor-element-50ec739 elementor-align-center elementor-widget elementor-widget-button\" data-id=\"50ec739\" data-element_type=\"widget\" data-e-type=\"widget\" data-widget_type=\"button.default\">\n\t\t\t\t<div class=\"elementor-widget-container\">\n\t\t\t\t\t\t\t\t\t<div class=\"elementor-button-wrapper\">\n\t\t\t\t\t<a class=\"elementor-button elementor-button-link elementor-size-sm\" href=\"https:\/\/generales.uprrp.edu\/psae\/wp-content\/uploads\/sites\/13\/2026\/03\/SOLICITUD-DEL-PRE-UNIVERSITARIO-REV.-2026.pdf\" target=\"_blank\">\n\t\t\t\t\t\t<span class=\"elementor-button-content-wrapper\">\n\t\t\t\t\t\t\t\t\t<span class=\"elementor-button-text\">Sollicitud del PSAE<\/span>\n\t\t\t\t\t<\/span>\n\t\t\t\t\t<\/a>\n\t\t\t\t<\/div>\n\t\t\t\t\t\t\t\t<\/div>\n\t\t\t\t<\/div>\n\t\t\t\t\t<\/div>\n\t\t<\/div>\n\t\t\t\t<div class=\"elementor-column elementor-col-33 elementor-top-column elementor-element elementor-element-ac3830f\" data-id=\"ac3830f\" data-element_type=\"column\" data-e-type=\"column\">\n\t\t\t<div class=\"elementor-widget-wrap elementor-element-populated\">\n\t\t\t\t\t\t<div class=\"elementor-element elementor-element-18217d5 elementor-align-center elementor-widget elementor-widget-button\" data-id=\"18217d5\" data-element_type=\"widget\" data-e-type=\"widget\" data-widget_type=\"button.default\">\n\t\t\t\t<div class=\"elementor-widget-container\">\n\t\t\t\t\t\t\t\t\t<div class=\"elementor-button-wrapper\">\n\t\t\t\t\t<a class=\"elementor-button elementor-button-link elementor-size-sm\" href=\"https:\/\/generales.uprrp.edu\/psae\/wp-content\/uploads\/sites\/13\/2026\/03\/Certificacion-Condicion-Diagnostico-Medico-2026.pdf\" target=\"_blank\">\n\t\t\t\t\t\t<span class=\"elementor-button-content-wrapper\">\n\t\t\t\t\t\t\t\t\t<span class=\"elementor-button-text\">Diagn\u00f3stico M\u00e9dico<\/span>\n\t\t\t\t\t<\/span>\n\t\t\t\t\t<\/a>\n\t\t\t\t<\/div>\n\t\t\t\t\t\t\t\t<\/div>\n\t\t\t\t<\/div>\n\t\t\t\t\t<\/div>\n\t\t<\/div>\n\t\t\t\t<div class=\"elementor-column elementor-col-33 elementor-top-column elementor-element elementor-element-061bf20\" data-id=\"061bf20\" data-element_type=\"column\" data-e-type=\"column\">\n\t\t\t<div class=\"elementor-widget-wrap elementor-element-populated\">\n\t\t\t\t\t\t<div class=\"elementor-element elementor-element-c68606c elementor-align-center elementor-widget elementor-widget-button\" data-id=\"c68606c\" data-element_type=\"widget\" data-e-type=\"widget\" data-widget_type=\"button.default\">\n\t\t\t\t<div class=\"elementor-widget-container\">\n\t\t\t\t\t\t\t\t\t<div class=\"elementor-button-wrapper\">\n\t\t\t\t\t<a class=\"elementor-button elementor-button-link elementor-size-sm\" href=\"https:\/\/generales.uprrp.edu\/psae\/wp-content\/uploads\/sites\/13\/2026\/03\/AUTORIZACION-DE-SERVICIOS-MEDICOS-PU-2026.pdf\" target=\"_blank\">\n\t\t\t\t\t\t<span class=\"elementor-button-content-wrapper\">\n\t\t\t\t\t\t\t\t\t<span class=\"elementor-button-text\">Autorizaci\u00f3n Servicios M\u00e9dicos<\/span>\n\t\t\t\t\t<\/span>\n\t\t\t\t\t<\/a>\n\t\t\t\t<\/div>\n\t\t\t\t\t\t\t\t<\/div>\n\t\t\t\t<\/div>\n\t\t\t\t\t<\/div>\n\t\t<\/div>\n\t\t\t\t\t<\/div>\n\t\t<\/section>\n\t\t\t\t<section class=\"elementor-section elementor-top-section elementor-element elementor-element-0e8e1d4 elementor-section-boxed elementor-section-height-default elementor-section-height-default\" data-id=\"0e8e1d4\" data-element_type=\"section\" data-e-type=\"section\">\n\t\t\t\t\t\t<div class=\"elementor-container elementor-column-gap-default\">\n\t\t\t\t\t<div class=\"elementor-column elementor-col-100 elementor-top-column elementor-element elementor-element-759d4f4\" data-id=\"759d4f4\" data-element_type=\"column\" data-e-type=\"column\">\n\t\t\t<div class=\"elementor-widget-wrap elementor-element-populated\">\n\t\t\t\t\t\t<div class=\"elementor-element elementor-element-a4cb079 elementor-widget elementor-widget-text-editor\" data-id=\"a4cb079\" data-element_type=\"widget\" data-e-type=\"widget\" data-widget_type=\"text-editor.default\">\n\t\t\t\t<div class=\"elementor-widget-container\">\n\t\t\t\t\t\t\t\t\t<p>Los documentos estar\u00e1n disponibles para descargar hasta el <strong>viernes, 15 de mayo de 2026.<\/strong><\/p>\t\t\t\t\t\t\t\t<\/div>\n\t\t\t\t<\/div>\n\t\t\t\t\t<\/div>\n\t\t<\/div>\n\t\t\t\t\t<\/div>\n\t\t<\/section>\n\t\t\t\t<\/div>\n\t\t","protected":false},"excerpt":{"rendered":"<p>BIENVENIDOS A NUESTRO PORTAL ELECTR\u00d3NICO \u00a1Una\u00a0vez PSAE, siempre PSAE! El Programa de Servicios de Apoyo al Estudiante es un programa federal que tiene el privilegio de brindar servicios de Tutor\u00edas, Mentor\u00eda, Orientaci\u00f3n y Consejer\u00eda a un grupo de estudiantes de la Universidad de Puerto Rico, Recinto de R\u00edo Piedras. El objetivo principal de este programa<\/p>\n","protected":false},"author":2,"featured_media":0,"parent":0,"menu_order":0,"comment_status":"closed","ping_status":"closed","template":"page-blocks.php","meta":{"footnotes":""},"class_list":["post-7","page","type-page","status-publish"],"amp_enabled":false,"_links":{"self":[{"href":"https:\/\/generales.uprrp.edu\/psae\/wp-json\/wp\/v2\/pages\/7","targetHints":{"allow":["GET"]}}],"collection":[{"href":"https:\/\/generales.uprrp.edu\/psae\/wp-json\/wp\/v2\/pages"}],"about":[{"href":"https:\/\/generales.uprrp.edu\/psae\/wp-json\/wp\/v2\/types\/page"}],"author":[{"embeddable":true,"href":"https:\/\/generales.uprrp.edu\/psae\/wp-json\/wp\/v2\/users\/2"}],"replies":[{"embeddable":true,"href":"https:\/\/generales.uprrp.edu\/psae\/wp-json\/wp\/v2\/comments?post=7"}],"version-history":[{"count":68,"href":"https:\/\/generales.uprrp.edu\/psae\/wp-json\/wp\/v2\/pages\/7\/revisions"}],"predecessor-version":[{"id":594,"href":"https:\/\/generales.uprrp.edu\/psae\/wp-json\/wp\/v2\/pages\/7\/revisions\/594"}],"wp:attachment":[{"href":"https:\/\/generales.uprrp.edu\/psae\/wp-json\/wp\/v2\/media?parent=7"}],"curies":[{"name":"wp","href":"https:\/\/api.w.org\/{rel}","templated":true}]}}