{"id":63,"date":"2017-03-01T20:29:32","date_gmt":"2017-03-01T20:29:32","guid":{"rendered":"http:\/\/generalesdv.uprrp.edu\/psae\/?page_id=63"},"modified":"2025-10-02T19:58:43","modified_gmt":"2025-10-02T19:58:43","slug":"consejeria-orientacion-y-mentoria","status":"publish","type":"page","link":"https:\/\/generales.uprrp.edu\/psae\/consejeria-orientacion-y-mentoria\/","title":{"rendered":"Consejer\u00eda, Orientaci\u00f3n y Mentor\u00eda"},"content":{"rendered":"\t\t<div data-elementor-type=\"wp-page\" data-elementor-id=\"63\" class=\"elementor elementor-63\">\n\t\t\t\t\t\t<section class=\"elementor-section elementor-top-section elementor-element elementor-element-548f8e0e elementor-section-boxed elementor-section-height-default elementor-section-height-default\" data-id=\"548f8e0e\" data-element_type=\"section\" data-e-type=\"section\">\n\t\t\t\t\t\t<div class=\"elementor-container elementor-column-gap-no\">\n\t\t\t\t\t<div class=\"elementor-column elementor-col-100 elementor-top-column elementor-element elementor-element-25495fe8\" data-id=\"25495fe8\" data-element_type=\"column\" data-e-type=\"column\">\n\t\t\t<div class=\"elementor-widget-wrap elementor-element-populated\">\n\t\t\t\t\t\t<div class=\"elementor-element elementor-element-75be7fc1 elementor-widget elementor-widget-text-editor\" data-id=\"75be7fc1\" data-element_type=\"widget\" data-e-type=\"widget\" data-widget_type=\"text-editor.default\">\n\t\t\t\t<div class=\"elementor-widget-container\">\n\t\t\t\t\t\t\t\t\t<h3><em><strong>HORARIO DE CONSEJER\u00cdA, ORIENTACI\u00d3N Y MENTOR\u00cdA:<\/strong><\/em><\/h3>\t\t\t\t\t\t\t\t<\/div>\n\t\t\t\t<\/div>\n\t\t\t\t<section class=\"elementor-section elementor-inner-section elementor-element elementor-element-7bad8830 elementor-section-boxed elementor-section-height-default elementor-section-height-default\" data-id=\"7bad8830\" data-element_type=\"section\" data-e-type=\"section\">\n\t\t\t\t\t\t<div class=\"elementor-container elementor-column-gap-no\">\n\t\t\t\t\t<div class=\"elementor-column elementor-col-50 elementor-inner-column elementor-element elementor-element-355ccaa7\" data-id=\"355ccaa7\" data-element_type=\"column\" data-e-type=\"column\">\n\t\t\t<div class=\"elementor-widget-wrap elementor-element-populated\">\n\t\t\t\t\t\t<div class=\"elementor-element elementor-element-6b65640e elementor-widget elementor-widget-text-editor\" data-id=\"6b65640e\" data-element_type=\"widget\" data-e-type=\"widget\" data-widget_type=\"text-editor.default\">\n\t\t\t\t<div class=\"elementor-widget-container\">\n\t\t\t\t\t\t\t\t\t<p><strong>CONSEJERA PROFESIONAL<\/strong><br>MARANGELY RIVERA<br>marangely.rivera1@upr.edu<br>(787) 764-0000 ext. 88964<\/p>\n<p>L&nbsp;&nbsp;&nbsp;&nbsp;&nbsp;&nbsp; 8:00am -12:00md \/ 1:00pm &#8211; 4:30pm<br>M&nbsp;&nbsp;&nbsp;&nbsp;&nbsp; 8:00am -12:00pm (ARTI) \/ 1:00pm &#8211; 4:30pm<br>W&nbsp;&nbsp;&nbsp;&nbsp;&nbsp; 8:00am -12:00md \/ 1:00pm &#8211; 4:30pm<br>J&nbsp;&nbsp;&nbsp;&nbsp;&nbsp;&nbsp;&nbsp; 8:00am -12:00pm (ARTI) \/ 1:00pm &#8211; 4:30pm<br>V&nbsp;&nbsp;&nbsp;&nbsp;&nbsp;&nbsp; 8:00am -12:00md \/ 1:00pm &#8211; 4:30pm<\/p>\t\t\t\t\t\t\t\t<\/div>\n\t\t\t\t<\/div>\n\t\t\t\t\t<\/div>\n\t\t<\/div>\n\t\t\t\t<div class=\"elementor-column elementor-col-50 elementor-inner-column elementor-element elementor-element-1401b7d7\" data-id=\"1401b7d7\" data-element_type=\"column\" data-e-type=\"column\">\n\t\t\t<div class=\"elementor-widget-wrap elementor-element-populated\">\n\t\t\t\t\t\t<div class=\"elementor-element elementor-element-70b636fa elementor-widget elementor-widget-text-editor\" data-id=\"70b636fa\" data-element_type=\"widget\" data-e-type=\"widget\" data-widget_type=\"text-editor.default\">\n\t\t\t\t<div class=\"elementor-widget-container\">\n\t\t\t\t\t\t\t\t\t<p><strong>ORIENTADORA ACAD\u00c9MICA<br \/><\/strong>EDIMAR SALGADO RIQUELME<br \/>edimar.salgado@upr.edu<br \/>787-764-0000 ext. 88967<\/p><p>L\u00a0\u00a0\u00a0\u00a0\u00a0\u00a0 8:00am-12:00md \/ 1:00pm- 4:30pm<br \/>M\u00a0\u00a0\u00a0\u00a0\u00a0 8:00am-12:00pm \/ 1:00pm-4:30pm<br \/>W\u00a0\u00a0\u00a0\u00a0\u00a0 8:00am-12:00md \/ 1:00pm- 4:30pm<br \/>J\u00a0\u00a0\u00a0\u00a0\u00a0\u00a0\u00a0 8:00am-12:00pm \/ 1:00pm-4:30pm<br \/>V\u00a0\u00a0\u00a0\u00a0\u00a0\u00a0 8:00am-12:00md \/ 1:00pm- 4:30pm<\/p><p><strong>ORIENTADOR ACAD\u00c9MICO<br \/><\/strong>DIEGO ANDR\u00c9S PARGA MIRANDA<br \/>diego.parga@upr.edu<br \/>787-764-0000 ext. 88963<\/p><p>L\u00a0\u00a0\u00a0\u00a0\u00a0\u00a0 8:00am-12:00md \/ 1:00pm- 4:30pm<br \/>M\u00a0\u00a0\u00a0\u00a0\u00a0 8:00am-12:00pm \/ 1:00pm-4:30pm<br \/>W\u00a0\u00a0\u00a0\u00a0\u00a0 8:00am-12:00md \/ 1:00pm- 4:30pm<br \/>J\u00a0\u00a0\u00a0\u00a0\u00a0\u00a0\u00a0 8:00am-12:00pm \/ 1:00pm-4:30pm<br \/>V\u00a0\u00a0\u00a0\u00a0\u00a0\u00a0 8:00am-12:00md \/ 1:00pm- 4:30pm<\/p>\t\t\t\t\t\t\t\t<\/div>\n\t\t\t\t<\/div>\n\t\t\t\t\t<\/div>\n\t\t<\/div>\n\t\t\t\t\t<\/div>\n\t\t<\/section>\n\t\t\t\t\t<\/div>\n\t\t<\/div>\n\t\t\t\t\t<\/div>\n\t\t<\/section>\n\t\t\t\t<\/div>\n\t\t","protected":false},"excerpt":{"rendered":"<p>HORARIO DE CONSEJER\u00cdA, ORIENTACI\u00d3N Y MENTOR\u00cdA: CONSEJERA PROFESIONALMARANGELY RIVERAmarangely.rivera1@upr.edu(787) 764-0000 ext. 88964 L&nbsp;&nbsp;&nbsp;&nbsp;&nbsp;&nbsp; 8:00am -12:00md \/ 1:00pm &#8211; 4:30pmM&nbsp;&nbsp;&nbsp;&nbsp;&nbsp; 8:00am -12:00pm (ARTI) \/ 1:00pm &#8211; 4:30pmW&nbsp;&nbsp;&nbsp;&nbsp;&nbsp; 8:00am -12:00md \/ 1:00pm &#8211; 4:30pmJ&nbsp;&nbsp;&nbsp;&nbsp;&nbsp;&nbsp;&nbsp; 8:00am -12:00pm (ARTI) \/ 1:00pm &#8211; 4:30pmV&nbsp;&nbsp;&nbsp;&nbsp;&nbsp;&nbsp; 8:00am -12:00md \/ 1:00pm &#8211; 4:30pm ORIENTADORA ACAD\u00c9MICAEDIMAR SALGADO RIQUELMEedimar.salgado@upr.edu787-764-0000 ext. 88967 L\u00a0\u00a0\u00a0\u00a0\u00a0\u00a0 8:00am-12:00md \/ 1:00pm-<\/p>\n","protected":false},"author":16,"featured_media":0,"parent":0,"menu_order":0,"comment_status":"closed","ping_status":"closed","template":"page-templates\/blocks.php","meta":{"footnotes":""},"class_list":["post-63","page","type-page","status-publish"],"amp_enabled":true,"_links":{"self":[{"href":"https:\/\/generales.uprrp.edu\/psae\/wp-json\/wp\/v2\/pages\/63","targetHints":{"allow":["GET"]}}],"collection":[{"href":"https:\/\/generales.uprrp.edu\/psae\/wp-json\/wp\/v2\/pages"}],"about":[{"href":"https:\/\/generales.uprrp.edu\/psae\/wp-json\/wp\/v2\/types\/page"}],"author":[{"embeddable":true,"href":"https:\/\/generales.uprrp.edu\/psae\/wp-json\/wp\/v2\/users\/16"}],"replies":[{"embeddable":true,"href":"https:\/\/generales.uprrp.edu\/psae\/wp-json\/wp\/v2\/comments?post=63"}],"version-history":[{"count":41,"href":"https:\/\/generales.uprrp.edu\/psae\/wp-json\/wp\/v2\/pages\/63\/revisions"}],"predecessor-version":[{"id":577,"href":"https:\/\/generales.uprrp.edu\/psae\/wp-json\/wp\/v2\/pages\/63\/revisions\/577"}],"wp:attachment":[{"href":"https:\/\/generales.uprrp.edu\/psae\/wp-json\/wp\/v2\/media?parent=63"}],"curies":[{"name":"wp","href":"https:\/\/api.w.org\/{rel}","templated":true}]}}