{"id":401,"date":"2022-11-08T19:02:03","date_gmt":"2022-11-08T19:02:03","guid":{"rendered":"https:\/\/generales.uprrp.edu\/psae\/?page_id=401"},"modified":"2022-11-08T19:02:45","modified_gmt":"2022-11-08T19:02:45","slug":"objetivos-del-psae","status":"publish","type":"page","link":"https:\/\/generales.uprrp.edu\/psae\/objetivos-del-psae\/","title":{"rendered":"Objetivos del PSAE"},"content":{"rendered":"<h3>Nuestro Objetivo Principal<\/h3>\n<p>El Programa Servicios de Apoyo al Estudiante (PSAE) tiene el fin de ayudar a definir las metas profesionales de los estudiantes aceptados. De igual manera, nos comprometemos a apoyar y ampliar sus oportunidades tanto acad\u00e9micas, como personales, hasta completar exitosamente un grado de bachillerato en la Universidad de Puerto Rico, Recinto de R\u00edo Piedras.<\/p>\n<h3>Objetivos Espec\u00edficos<\/h3>\n<ul>\n<li>Ofrecer herramientas para permanencia de los estudiantes admitidos en la UPR-RP, hasta terminar un grado universitario con el mejor promedio posible.<\/li>\n<li>Cubrir las deficiencias acad\u00e9micas en Espa\u00f1ol, Ingl\u00e9s y Matem\u00e1ticas.<\/li>\n<li>Apoyar en aspectos acad\u00e9mico y personal mediante tutor\u00edas y sesiones de consejer\u00eda grupales e individuales en todas las \u00e1reas necesarias.<\/li>\n<li>Desarrollar el potencial profesional, vocacional y educativo de los participantes, facilitando su ajuste a la vida universitaria.<\/li>\n<li>Organizar actividades educativas y culturales.<\/li>\n<\/ul>\n","protected":false},"excerpt":{"rendered":"<p>Nuestro Objetivo Principal El Programa Servicios de Apoyo al Estudiante (PSAE) tiene el fin de ayudar a definir las metas profesionales de los estudiantes aceptados. De igual manera, nos comprometemos a apoyar y ampliar sus oportunidades tanto acad\u00e9micas, como personales, hasta completar exitosamente un grado de bachillerato en la Universidad de Puerto Rico, Recinto de<\/p>\n","protected":false},"author":11,"featured_media":0,"parent":0,"menu_order":0,"comment_status":"closed","ping_status":"closed","template":"","meta":{"footnotes":""},"class_list":["post-401","page","type-page","status-publish"],"amp_enabled":true,"_links":{"self":[{"href":"https:\/\/generales.uprrp.edu\/psae\/wp-json\/wp\/v2\/pages\/401","targetHints":{"allow":["GET"]}}],"collection":[{"href":"https:\/\/generales.uprrp.edu\/psae\/wp-json\/wp\/v2\/pages"}],"about":[{"href":"https:\/\/generales.uprrp.edu\/psae\/wp-json\/wp\/v2\/types\/page"}],"author":[{"embeddable":true,"href":"https:\/\/generales.uprrp.edu\/psae\/wp-json\/wp\/v2\/users\/11"}],"replies":[{"embeddable":true,"href":"https:\/\/generales.uprrp.edu\/psae\/wp-json\/wp\/v2\/comments?post=401"}],"version-history":[{"count":2,"href":"https:\/\/generales.uprrp.edu\/psae\/wp-json\/wp\/v2\/pages\/401\/revisions"}],"predecessor-version":[{"id":404,"href":"https:\/\/generales.uprrp.edu\/psae\/wp-json\/wp\/v2\/pages\/401\/revisions\/404"}],"wp:attachment":[{"href":"https:\/\/generales.uprrp.edu\/psae\/wp-json\/wp\/v2\/media?parent=401"}],"curies":[{"name":"wp","href":"https:\/\/api.w.org\/{rel}","templated":true}]}}