{"id":20,"date":"2017-03-01T19:09:43","date_gmt":"2017-03-01T19:09:43","guid":{"rendered":"http:\/\/generalesdv.uprrp.edu\/psae\/?page_id=20"},"modified":"2019-08-08T15:19:12","modified_gmt":"2019-08-08T15:19:12","slug":"sobre-nosotros","status":"publish","type":"page","link":"https:\/\/generales.uprrp.edu\/psae\/sobre-nosotros\/","title":{"rendered":"Sobre Nosotros"},"content":{"rendered":"<h3><span style=\"color: #ff0000\"><img decoding=\"async\" class=\"wp-image-24 alignleft\" src=\"https:\/\/generales.uprrp.edu\/psae\/wp-content\/uploads\/sites\/13\/2017\/03\/snpsae1-300x184.jpg\" alt=\"\" width=\"266\" height=\"163\" srcset=\"https:\/\/generales.uprrp.edu\/psae\/wp-content\/uploads\/sites\/13\/2017\/03\/snpsae1-300x184.jpg 300w, https:\/\/generales.uprrp.edu\/psae\/wp-content\/uploads\/sites\/13\/2017\/03\/snpsae1.jpg 491w\" sizes=\"(max-width: 266px) 100vw, 266px\" \/>Nuestra Misi\u00f3n<\/span><\/h3>\n<p><span style=\"color: #000000\">La misi\u00f3n y compromiso del Programa de Servicios de Apoyo al Estudiante (PSAE) es contribuir y proveer los mejores servicios acad\u00e9micos y educativos, a todos nuestros estudiantes como tambi\u00e9n ofrecer los mejores recursos de orientaci\u00f3n y consejer\u00eda durante su desempe\u00f1o cotidiano universitario.<\/span><\/p>\n<p><span style=\"color: #000000\">PSAE est\u00e1 comprometido con la realizaci\u00f3n y coordinaci\u00f3n de actividades acad\u00e9micas como: talleres, charlas, y conferencias. Adem\u00e1s, se realizan actividades sociales y culturales que fortalezcan el desarrollo intelectual y racional de nuestros estudiantes. Tenemos como misi\u00f3n principal la retenci\u00f3n y graduaci\u00f3n de cada uno de nuestros estudiantes con los mejores promedios y calificaciones posibles de tal modo que logren alcanzar sus metas acad\u00e9micas, convirti\u00e9ndose en profesionales de esperanza y progreso para nuestra sociedad.<\/span><\/p>\n<h3><span style=\"color: #ff0000\">Nuestra Visi\u00f3n<\/span><\/h3>\n<p>A trav\u00e9s de los diferentes compenentes de apoyo, PSAE busca fomentar y facilitar diferentes oportunidades acad\u00e9micas, tanto dentro de la instituci\u00f3n como fuera de la misma, que contribuyan al enriquecimiento acad\u00e9mico y cultural de nuestros estudiantes.<\/p>\n<h3><span style=\"color: #ff0000\"><img decoding=\"async\" class=\"wp-image-25 alignright\" src=\"https:\/\/generales.uprrp.edu\/psae\/wp-content\/uploads\/sites\/13\/2017\/03\/snpsae2.png\" alt=\"\" width=\"163\" height=\"163\" \/>Nuestro Objetivo Principal<\/span><\/h3>\n<p><span style=\"color: #000000\"> El Programa Servicios de Apoyo al Estudiante (PSAE) tiene el fin de ayudar a definir las metas profesionales de los estudiantes aceptados. De igual manera, nos comprometemos a apoyar y ampliar sus oportunidades tanto acad\u00e9micas, como personales, hasta completar exitosamente un grado de bachillerato en la Universidad de Puerto Rico, Recinto de R\u00edo Piedras.<\/span><\/p>\n<h3><span style=\"color: #ff0000\"><img fetchpriority=\"high\" decoding=\"async\" class=\" wp-image-27 alignleft\" src=\"https:\/\/generales.uprrp.edu\/psae\/wp-content\/uploads\/sites\/13\/2017\/03\/snpsae3-207x300.jpg\" alt=\"\" width=\"290\" height=\"420\" srcset=\"https:\/\/generales.uprrp.edu\/psae\/wp-content\/uploads\/sites\/13\/2017\/03\/snpsae3-207x300.jpg 207w, https:\/\/generales.uprrp.edu\/psae\/wp-content\/uploads\/sites\/13\/2017\/03\/snpsae3.jpg 215w\" sizes=\"(max-width: 290px) 100vw, 290px\" \/>Objetivos Espec\u00edficos<\/span><\/h3>\n<p><span style=\"color: #000000\">-Ofrecer herramientas para permanencia de los estudiantes admitidos en la UPR-RP, hasta terminar un grado universitario con el mejor promedio posible. <\/span><\/p>\n<p><span style=\"color: #000000\">-Cubrir las deficiencias acad\u00e9micas en Espa\u00f1ol, Ingl\u00e9s y Matem\u00e1ticas. <\/span><\/p>\n<p><span style=\"color: #000000\">-Apoyar en aspectos acad\u00e9mico y personal mediante tutor\u00edas y sesiones de consejer\u00eda grupales e individuales en todas las \u00e1reas necesarias.<\/span><\/p>\n<p><span style=\"color: #000000\">-Desarrollar el potencial profesional, vocacional y educativo de los participantes, facilitando su ajuste a la vida universitaria.<\/span><\/p>\n<p><span style=\"color: #000000\">-Organizar actividades educativas y culturales.<\/span><\/p>\n<h3><span style=\"color: #ff0000\">Historia del PSAE<\/span><\/h3>\n<p><span style=\"color: #000000\">El Programa de Servicios de Apoyo al Estudiante (PSAE) fue creado bajo el T\u00edtulo IV de la Ley Federal de Educaci\u00f3n Superior y es subvencionados con fondos del Departamento de Educaci\u00f3n de los Estados Unidos, en Washington DC. El Programa est\u00e1 dise\u00f1ado para servir a estudiantes de primera generaci\u00f3n universitaria, de bajos ingresos econ\u00f3micos y\/o con impedimentos diagnosticado para que completen exitosamente un programa de estudio a nivel de bachillerato. A estos, se le ofrecen servicios de apoyo en consejer\u00eda, mentor\u00eda, tutor\u00eda individual y grupal, orientaci\u00f3n en la selecci\u00f3n de cursos, ayuda econ\u00f3mica, vivienda, exposici\u00f3n a actividades culturales y viajes durante su carrera universitaria.<\/span><\/p>\n<p><span style=\"color: #000000\">El ciclo de la nueva propuesta aprobada comenz\u00f3 en el a\u00f1o acad\u00e9mico 2015-2016, pasando por un proceso extremadamente competitivo y cubre el per\u00edodo desde el 1 de septiembre de 2015 hasta el 31 de agosto de 2020. Representa un financiamiento, por parte del Departamento de Educaci\u00f3n de los Estados Unidos, de $1,842,715 millones de d\u00f3lares en fondos externos al Recinto de R\u00edo Piedras. Se logr\u00f3 esta aprobaci\u00f3n con puntuaci\u00f3n perfecta.<\/span><\/p>\n<p><span style=\"color: #000000\">El PSAE ha sido un programa exitoso en sus m\u00e1s de 40 a\u00f1os de existencia en nuestra Facultad. Las tasas de graduaci\u00f3n, ha sobrepasado consistentemente el 45% (47% seg\u00fan el Annual Performance Report 2013-2014) versus el 42.8% de los estudiantes no elegibles para el PSAE y 39.45% de los elegibles y no servidos por el PSAE (cohortes 2007, 2008 y 2009, seg\u00fan la \u00faltima propuesta sometida al Departamento de Educaci\u00f3n de los Estados Unidos).<\/span><\/p>\n<h3><span style=\"color: #ff0000\">Cronolog\u00eda del PSAE<\/span><\/h3>\n<p><span style=\"color: #000000\"><strong>1968-71<\/strong> \u2013 Programa Experimental en la Base Buchanan llamado Centro Experimental de Estudios Universitarios.<\/span><\/p>\n<p><span style=\"color: #000000\"><strong>1971-73<\/strong> \u2013 Programa Experimental de Estudios Universitarios ubicado en la Facultad de Estudios Generales (PEXU).<\/span><\/p>\n<p><span style=\"color: #000000\"><strong>1973-74<\/strong> \u2013 Primer a\u00f1o que recibe fondos federales. Comienza llam\u00e1ndose Programa de Servicios Acad\u00e9micos Especiales (PSAE).<\/span><\/p>\n<p><span style=\"color: #000000\"><strong>1973-1990<\/strong> \u2013 El Programa brinda servicios a estudiantes que originalmente hab\u00edan sido denegados a la UPR, PSAE les admite condicionadamente para estudiar en el Recinto.<\/span><\/p>\n<p><span style=\"color: #000000\"><strong>1991<\/strong> &#8211; Actualidad \u2013 Participan los estudiantes regulares admitidos al Recinto y que cumplan con los criterios establecidos en la propuesta federal.<\/span><\/p>\n<p><span style=\"color: #000000\"><strong>2010<\/strong> \u2013 El Programa pasa a llamarse Programa de Servicios Acad\u00e9micos Educativos, manteniendo nuestras siglas hist\u00f3ricas.<\/span><\/p>\n<p><span style=\"color: #000000\"><strong>2015<\/strong> &#8211; Se aprueba propuesta de fondos federales que garantiza 5 a\u00f1os de financiaci\u00f3n.<\/span><\/p>\n<p><span style=\"color: #000000\"><strong>2016<\/strong> \u2013 El Programa pasa a llamarse Programa de Servicios de Apoyo al Estudiante, a\u00fan manteniendo nuestras siglas hist\u00f3ricas.<\/span><\/p>\n<p><span style=\"color: #000000\"><strong>2019<\/strong> \u2013 Se comienza a redactar la nueva propuesta para los pr\u00f3ximos cinco a\u00f1os de servicio.<\/span><\/p>\n","protected":false},"excerpt":{"rendered":"<p>Nuestra Misi\u00f3n La misi\u00f3n y compromiso del Programa de Servicios de Apoyo al Estudiante (PSAE) es contribuir y proveer los mejores servicios acad\u00e9micos y educativos, a todos nuestros estudiantes como tambi\u00e9n ofrecer los mejores recursos de orientaci\u00f3n y consejer\u00eda durante su desempe\u00f1o cotidiano universitario. PSAE est\u00e1 comprometido con la realizaci\u00f3n y coordinaci\u00f3n de actividades acad\u00e9micas<\/p>\n","protected":false},"author":16,"featured_media":0,"parent":0,"menu_order":0,"comment_status":"closed","ping_status":"closed","template":"","meta":{"footnotes":""},"class_list":["post-20","page","type-page","status-publish"],"amp_enabled":true,"_links":{"self":[{"href":"https:\/\/generales.uprrp.edu\/psae\/wp-json\/wp\/v2\/pages\/20","targetHints":{"allow":["GET"]}}],"collection":[{"href":"https:\/\/generales.uprrp.edu\/psae\/wp-json\/wp\/v2\/pages"}],"about":[{"href":"https:\/\/generales.uprrp.edu\/psae\/wp-json\/wp\/v2\/types\/page"}],"author":[{"embeddable":true,"href":"https:\/\/generales.uprrp.edu\/psae\/wp-json\/wp\/v2\/users\/16"}],"replies":[{"embeddable":true,"href":"https:\/\/generales.uprrp.edu\/psae\/wp-json\/wp\/v2\/comments?post=20"}],"version-history":[{"count":8,"href":"https:\/\/generales.uprrp.edu\/psae\/wp-json\/wp\/v2\/pages\/20\/revisions"}],"predecessor-version":[{"id":162,"href":"https:\/\/generales.uprrp.edu\/psae\/wp-json\/wp\/v2\/pages\/20\/revisions\/162"}],"wp:attachment":[{"href":"https:\/\/generales.uprrp.edu\/psae\/wp-json\/wp\/v2\/media?parent=20"}],"curies":[{"name":"wp","href":"https:\/\/api.w.org\/{rel}","templated":true}]}}