{"id":300,"date":"2023-06-13T20:15:37","date_gmt":"2023-06-13T20:15:37","guid":{"rendered":"https:\/\/generales.uprrp.edu\/innovaciones-educativas\/?page_id=300"},"modified":"2023-06-14T13:36:58","modified_gmt":"2023-06-14T13:36:58","slug":"peca","status":"publish","type":"page","link":"https:\/\/generales.uprrp.edu\/innovaciones-educativas\/peca\/","title":{"rendered":"PECA"},"content":{"rendered":"<p><strong>Apoyo en procesos de admisiones no tradicionales al Bachillerato de Estudios Generales, junto a la Oficina de Admisiones UPR<\/strong><\/p>\n<p><img loading=\"lazy\" decoding=\"async\" class=\"alignnone size-full wp-image-307\" src=\"https:\/\/generales.uprrp.edu\/innovaciones-educativas\/wp-content\/uploads\/sites\/29\/2023\/06\/estudiante-de-PECA-en-biblioteca-de-Derecho.jpg\" alt=\"\" width=\"720\" height=\"540\" srcset=\"https:\/\/generales.uprrp.edu\/innovaciones-educativas\/wp-content\/uploads\/sites\/29\/2023\/06\/estudiante-de-PECA-en-biblioteca-de-Derecho.jpg 720w, https:\/\/generales.uprrp.edu\/innovaciones-educativas\/wp-content\/uploads\/sites\/29\/2023\/06\/estudiante-de-PECA-en-biblioteca-de-Derecho-300x225.jpg 300w, https:\/\/generales.uprrp.edu\/innovaciones-educativas\/wp-content\/uploads\/sites\/29\/2023\/06\/estudiante-de-PECA-en-biblioteca-de-Derecho-150x113.jpg 150w, https:\/\/generales.uprrp.edu\/innovaciones-educativas\/wp-content\/uploads\/sites\/29\/2023\/06\/estudiante-de-PECA-en-biblioteca-de-Derecho-450x338.jpg 450w\" sizes=\"auto, (max-width: 720px) 100vw, 720px\" \/>Hasta el a\u00f1o 2022 el Programa de Innovaciones Educativas fue el mecanismo empleado por la Universidad en la admisi\u00f3n de estudiantes adultos del <em>Programa de Educaci\u00f3n Continua para Adultos<\/em> (PECA). Una vez se implanta la \u2018Admisi\u00f3n No Tradicional\u2019, en la que la Universidad de Puerto Rico adopta un mecanismo para la admisi\u00f3n a personas mayores de 23 a\u00f1os de edad, las personas adultas solicitan admisi\u00f3n a trav\u00e9s de la p\u00e1gina de <a href=\"https:\/\/www.upr.edu\/vicepresidencias\/vicepresindencia-de-asuntos-estudiantiles\/vicepresidencia-de-asuntos-estudiantiles-mision-y-vision\/\" target=\"_blank\" rel=\"noopener\">Vicepresidencia de Asuntos Estudiantiles de la UPR<\/a>.<\/p>\n<p>El Programa de Innovaciones Educativas continuar\u00e1 ofreciendo ORIENTACI\u00d3N para personas mayores de 23 a\u00f1os de edad que deseen iniciar estudios universitarios en UPR.<\/p>\n<p><strong>En qu\u00e9 consiste la Admisi\u00f3n No Tradicional<\/strong><\/p>\n<p>El modelo no tradicional se divide en dos v\u00edas:<\/p>\n<ul>\n<li><strong>Primera v\u00eda:<\/strong>\u00a0Estudiantes que solicitan admisi\u00f3n no tradicional a la universidad y tienen un\u00a0<strong>promedio acad\u00e9mico m\u00ednimo de 2.00<\/strong><\/li>\n<li><strong>Segunda v\u00eda:\u00a0<\/strong>La segunda v\u00eda es la de la poblaci\u00f3n adulta. Se refiere a estudiantes de 23 a\u00f1os o m\u00e1s que desean iniciar estudios postsecundarios.<\/li>\n<\/ul>\n<p class=\"title-heading-left fusion-responsive-typography-calculated\"><a href=\"https:\/\/admisiones.upr.edu\/no-tradicional\/\" target=\"_blank\" rel=\"noopener\"><strong>Admisi\u00f3n no tradicional a la Universidad de Puerto Rico<\/strong><\/a><\/p>\n<p><a href=\"https:\/\/www.upr.edu\/admisiones-upr\/wp-content\/uploads\/sites\/130\/2022\/10\/Costo-de-Estudios-2022-Nuevo-Ingreso-Semestre-Subgraduados.pdf\" target=\"_blank\" rel=\"noopener\">Costos de estudios subgraduados<\/a><\/p>\n<p>Para orientaci\u00f3n sobre el proceso de Admisi\u00f3n No Tradicional, solicite una reuni\u00f3n con Ana Luisa Baca Lobera, Coordinadora del Programa de Innovaciones Educativas<\/p>\n<p><a href=\"mailto:innovaciones.educativas@upr.edu\">innovaciones.educativas@upr.edu<\/a><\/p>\n","protected":false},"excerpt":{"rendered":"<p>Apoyo en procesos de admisiones no tradicionales al Bachillerato de Estudios Generales, junto a la Oficina de Admisiones UPR Hasta el a\u00f1o 2022 el Programa de Innovaciones Educativas fue el mecanismo empleado por la Universidad en la admisi\u00f3n de estudiantes adultos del Programa de Educaci\u00f3n Continua para Adultos (PECA). Una vez se implanta la \u2018Admisi\u00f3n<\/p>\n","protected":false},"author":11,"featured_media":0,"parent":0,"menu_order":0,"comment_status":"closed","ping_status":"closed","template":"","meta":{"footnotes":""},"class_list":["post-300","page","type-page","status-publish"],"_links":{"self":[{"href":"https:\/\/generales.uprrp.edu\/innovaciones-educativas\/wp-json\/wp\/v2\/pages\/300","targetHints":{"allow":["GET"]}}],"collection":[{"href":"https:\/\/generales.uprrp.edu\/innovaciones-educativas\/wp-json\/wp\/v2\/pages"}],"about":[{"href":"https:\/\/generales.uprrp.edu\/innovaciones-educativas\/wp-json\/wp\/v2\/types\/page"}],"author":[{"embeddable":true,"href":"https:\/\/generales.uprrp.edu\/innovaciones-educativas\/wp-json\/wp\/v2\/users\/11"}],"replies":[{"embeddable":true,"href":"https:\/\/generales.uprrp.edu\/innovaciones-educativas\/wp-json\/wp\/v2\/comments?post=300"}],"version-history":[{"count":5,"href":"https:\/\/generales.uprrp.edu\/innovaciones-educativas\/wp-json\/wp\/v2\/pages\/300\/revisions"}],"predecessor-version":[{"id":308,"href":"https:\/\/generales.uprrp.edu\/innovaciones-educativas\/wp-json\/wp\/v2\/pages\/300\/revisions\/308"}],"wp:attachment":[{"href":"https:\/\/generales.uprrp.edu\/innovaciones-educativas\/wp-json\/wp\/v2\/media?parent=300"}],"curies":[{"name":"wp","href":"https:\/\/api.w.org\/{rel}","templated":true}]}}