{"id":290,"date":"2023-06-06T15:03:53","date_gmt":"2023-06-06T15:03:53","guid":{"rendered":"https:\/\/generales.uprrp.edu\/innovaciones-educativas\/?page_id=290"},"modified":"2023-06-06T17:45:41","modified_gmt":"2023-06-06T17:45:41","slug":"portal-801","status":"publish","type":"page","link":"https:\/\/generales.uprrp.edu\/innovaciones-educativas\/portal-801\/","title":{"rendered":"Portal 801"},"content":{"rendered":"<p><img loading=\"lazy\" decoding=\"async\" class=\"alignnone size-full wp-image-245\" src=\"https:\/\/generales.uprrp.edu\/innovaciones-educativas\/wp-content\/uploads\/sites\/29\/2023\/06\/IMG_9191-1.jpg\" alt=\"\" width=\"918\" height=\"612\" srcset=\"https:\/\/generales.uprrp.edu\/innovaciones-educativas\/wp-content\/uploads\/sites\/29\/2023\/06\/IMG_9191-1.jpg 918w, https:\/\/generales.uprrp.edu\/innovaciones-educativas\/wp-content\/uploads\/sites\/29\/2023\/06\/IMG_9191-1-300x200.jpg 300w, https:\/\/generales.uprrp.edu\/innovaciones-educativas\/wp-content\/uploads\/sites\/29\/2023\/06\/IMG_9191-1-150x100.jpg 150w, https:\/\/generales.uprrp.edu\/innovaciones-educativas\/wp-content\/uploads\/sites\/29\/2023\/06\/IMG_9191-1-450x300.jpg 450w, https:\/\/generales.uprrp.edu\/innovaciones-educativas\/wp-content\/uploads\/sites\/29\/2023\/06\/IMG_9191-1-768x512.jpg 768w\" sizes=\"auto, (max-width: 918px) 100vw, 918px\" \/><\/p>\n<p><em>PORTAL 801<\/em> fue una instalaci\u00f3n interactiva que se concibi\u00f3 para sacar las ciencias sociales del sal\u00f3n de clase, utilizando la arquitectura del Edificio JBR como soporte.<\/p>\n<p>La instalaci\u00f3n se exhibi\u00f3 por primera vez el 15 de marzo de 2023 gracias a la colaboraci\u00f3n de los y las estudiantes de CISO 3122 (Introducci\u00f3n a las Ciencias Sociales II), secci\u00f3n 006. PORTAL 801 fue una oportunidad para mirar y analizar a las ciencias sociales desde una forma transdisciplinaria mediante la metodolog\u00eda de aprendizaje por proyectos. Todo el entramado de <em>PORTAL 801<\/em> representa una red de relaciones entre conceptos claves de las ciencias sociales: Antropolog\u00eda, Sociolog\u00eda, Econom\u00eda, Pol\u00edtica y Psicolog\u00eda, entre otros. Los y las estudiantes investigaron m\u00e1s a profundidad temas alternativos de las ciencias sociales que ya hab\u00edan sido discutidos en clase. Algunos fueron: Econom\u00eda Social y Solidaria, Banca \u00e9tica, Monedas comunitarias, Buen Vivir, Derechos legales de la Naturaleza y Ley sobre el Cambio Clim\u00e1tico en Puerto Rico.<\/p>\n<p>Los temas que cada estudiante del curso escogi\u00f3 fueron convertidos en un c\u00f3digo QR impreso en una tarjeta de cartulina, que remiti\u00f3 a un video corto desde Internet que los y las visitantes pudieron ver a trav\u00e9s de su tel\u00e9fono m\u00f3vil, facilitando una experiencia interactiva.<\/p>\n<p><em>PORTAL 801 <\/em>se exhibi\u00f3 por segunda vez durante la celebraci\u00f3n del <em>D\u00eda de Prevenci\u00f3n y Manejo de Desastres <\/em>gracias a la invitaci\u00f3n de los profesores Eileen M. Cruz Pastrana y Ricardo Morales De Jes\u00fas, del Departamento de Ciencias F\u00edsicas de nuestra Facultad, que estuvieron a cargo de la organizaci\u00f3n del evento, el 10 de mayo de 2023 en el Anfiteatro # 1 del Edificio DMN. El desaf\u00edo en esta segunda ocasi\u00f3n consisti\u00f3 en producir nuevas tarjetas interactivas exponiendo soluciones a las primeras, consolidando el tejido de redes m\u00e1s amplias de relaciones.<\/p>\n<p><em>PORTAL 801<\/em> est\u00e1 inspirado en dos proyectos: el <em>\u00c1rbol de los deseo<\/em>s ubicado en la Ciudad de M\u00e9xico, del que cuelgan frases esperanzadoras y que, a su vez representa un ritual de la cultura Teotihuacana para plasmar la totalidad del universo. El otro proyecto inspirador consiste en el trabajo comunitario de la <a href=\"http:\/\/experiencias.centromemoria.gov.co\/union-de-costureros\/\" target=\"_blank\" rel=\"noopener\"><em>Uni\u00f3n de Costureros<\/em><\/a> en Colombia, que busca restituir la memoria y la dignidad ante la violencia provocada por el narcotr\u00e1fico y el racismo, hilando las historias en tramos largos de tela.<\/p>\n<p><img loading=\"lazy\" decoding=\"async\" class=\"alignnone size-full wp-image-296\" src=\"https:\/\/generales.uprrp.edu\/innovaciones-educativas\/wp-content\/uploads\/sites\/29\/2023\/06\/Portal-801.png\" alt=\"\" width=\"720\" height=\"540\" srcset=\"https:\/\/generales.uprrp.edu\/innovaciones-educativas\/wp-content\/uploads\/sites\/29\/2023\/06\/Portal-801.png 720w, https:\/\/generales.uprrp.edu\/innovaciones-educativas\/wp-content\/uploads\/sites\/29\/2023\/06\/Portal-801-300x225.png 300w, https:\/\/generales.uprrp.edu\/innovaciones-educativas\/wp-content\/uploads\/sites\/29\/2023\/06\/Portal-801-150x113.png 150w, https:\/\/generales.uprrp.edu\/innovaciones-educativas\/wp-content\/uploads\/sites\/29\/2023\/06\/Portal-801-450x338.png 450w\" sizes=\"auto, (max-width: 720px) 100vw, 720px\" \/><\/p>\n","protected":false},"excerpt":{"rendered":"<p>PORTAL 801 fue una instalaci\u00f3n interactiva que se concibi\u00f3 para sacar las ciencias sociales del sal\u00f3n de clase, utilizando la arquitectura del Edificio JBR como soporte. La instalaci\u00f3n se exhibi\u00f3 por primera vez el 15 de marzo de 2023 gracias a la colaboraci\u00f3n de los y las estudiantes de CISO 3122 (Introducci\u00f3n a las Ciencias<\/p>\n","protected":false},"author":11,"featured_media":0,"parent":0,"menu_order":0,"comment_status":"closed","ping_status":"closed","template":"","meta":{"footnotes":""},"class_list":["post-290","page","type-page","status-publish"],"_links":{"self":[{"href":"https:\/\/generales.uprrp.edu\/innovaciones-educativas\/wp-json\/wp\/v2\/pages\/290","targetHints":{"allow":["GET"]}}],"collection":[{"href":"https:\/\/generales.uprrp.edu\/innovaciones-educativas\/wp-json\/wp\/v2\/pages"}],"about":[{"href":"https:\/\/generales.uprrp.edu\/innovaciones-educativas\/wp-json\/wp\/v2\/types\/page"}],"author":[{"embeddable":true,"href":"https:\/\/generales.uprrp.edu\/innovaciones-educativas\/wp-json\/wp\/v2\/users\/11"}],"replies":[{"embeddable":true,"href":"https:\/\/generales.uprrp.edu\/innovaciones-educativas\/wp-json\/wp\/v2\/comments?post=290"}],"version-history":[{"count":4,"href":"https:\/\/generales.uprrp.edu\/innovaciones-educativas\/wp-json\/wp\/v2\/pages\/290\/revisions"}],"predecessor-version":[{"id":297,"href":"https:\/\/generales.uprrp.edu\/innovaciones-educativas\/wp-json\/wp\/v2\/pages\/290\/revisions\/297"}],"wp:attachment":[{"href":"https:\/\/generales.uprrp.edu\/innovaciones-educativas\/wp-json\/wp\/v2\/media?parent=290"}],"curies":[{"name":"wp","href":"https:\/\/api.w.org\/{rel}","templated":true}]}}