{"id":247,"date":"2023-06-05T14:32:04","date_gmt":"2023-06-05T14:32:04","guid":{"rendered":"https:\/\/generales.uprrp.edu\/innovaciones-educativas\/?page_id=247"},"modified":"2024-06-07T13:58:10","modified_gmt":"2024-06-07T13:58:10","slug":"instituto-de-verano-2024-hacia-el-exito-universitario","status":"publish","type":"page","link":"https:\/\/generales.uprrp.edu\/innovaciones-educativas\/instituto-de-verano-2024-hacia-el-exito-universitario\/","title":{"rendered":"Instituto de Verano 2024: Hacia el \u00e9xito universitario"},"content":{"rendered":"<p>El Instituto de Verano es una plataforma que provee servicios acad\u00e9micos coordinados desde el <a href=\"https:\/\/generales.uprrp.edu\/innovaciones-educativas\/\">Programa de Innovaciones Educativas (PIE)<\/a> de la Facultad de Estudios Generales. Este Instituto ofrece mini-cursos, talleres y otras experiencias educativas para garantizar el mejor desempe\u00f1o a estudiantes que ser\u00e1n admitidos a la Universidad de Puerto Rico. El Instituto constituye una etapa previa a los estudios universitarios y se dise\u00f1\u00f3 bajo el principio de apuntalar conceptos y conocimientos te\u00f3ricos y pr\u00e1cticos de preparaci\u00f3n que luego se mostrar\u00e1n con mayor extensi\u00f3n y profundidad durante el primer a\u00f1o de estudios.<\/p>\n<p>Estos mini-cursos proveen una plataforma formidable para adquirir conocimientos y experiencias camino al \u00e9xito acad\u00e9mico, pues enfrentan al estudiante a un nivel de estudios universitarios con personal docente y de apoyo plenamente universitario. El Ofrecimiento de los mini- cursos es completamente presencial.<\/p>\n<p>Los estudiantes reciben clases con profesores de la Facultad de Estudios Generales en las \u00e1reas de ingl\u00e9s, espa\u00f1ol y matem\u00e1ticas a lo largo de dos semanas, en las que tambi\u00e9n se preparan en habilidades tecnol\u00f3gicas, como el manejo de la plataforma Moodle, entre otras, y en procesos administrativos y servicios que ofrece la universidad a sus estudiantes contenidos en el curso Introducci\u00f3n a la Vida Universitaria. El Instituto recibe el apoyo del <a href=\"https:\/\/generales.uprrp.edu\/competencias-linguisticas\/\" target=\"_blank\" rel=\"noopener\">Centro para el Desarrollo de Competencias Ling\u00fc\u00edsticas (CDCL)<\/a> con tutor\u00edas individuales y grupales para garantizar el desarrollo integral del proceso educativo durante su estancia en el Instituto.<\/p>\n<p>Proyecto auspiciado por la Vicepresidencia en Asuntos Estudiantiles, Administraci\u00f3n Central.<\/p>\n<p><a href=\"https:\/\/generales.uprrp.edu\/innovaciones-educativas\/wp-content\/uploads\/sites\/29\/2024\/06\/Instituto-de-Verano-2024-1-1.png\" target=\"_blank\" rel=\"noopener\"><img loading=\"lazy\" decoding=\"async\" class=\"alignleft size-full wp-image-312\" src=\"https:\/\/generales.uprrp.edu\/innovaciones-educativas\/wp-content\/uploads\/sites\/29\/2024\/06\/Instituto-de-Verano-2024-1-1.png\" alt=\"\" width=\"1587\" height=\"2245\" srcset=\"https:\/\/generales.uprrp.edu\/innovaciones-educativas\/wp-content\/uploads\/sites\/29\/2024\/06\/Instituto-de-Verano-2024-1-1.png 1587w, https:\/\/generales.uprrp.edu\/innovaciones-educativas\/wp-content\/uploads\/sites\/29\/2024\/06\/Instituto-de-Verano-2024-1-1-212x300.png 212w, https:\/\/generales.uprrp.edu\/innovaciones-educativas\/wp-content\/uploads\/sites\/29\/2024\/06\/Instituto-de-Verano-2024-1-1-724x1024.png 724w, https:\/\/generales.uprrp.edu\/innovaciones-educativas\/wp-content\/uploads\/sites\/29\/2024\/06\/Instituto-de-Verano-2024-1-1-768x1086.png 768w, https:\/\/generales.uprrp.edu\/innovaciones-educativas\/wp-content\/uploads\/sites\/29\/2024\/06\/Instituto-de-Verano-2024-1-1-1086x1536.png 1086w, https:\/\/generales.uprrp.edu\/innovaciones-educativas\/wp-content\/uploads\/sites\/29\/2024\/06\/Instituto-de-Verano-2024-1-1-1448x2048.png 1448w, https:\/\/generales.uprrp.edu\/innovaciones-educativas\/wp-content\/uploads\/sites\/29\/2024\/06\/Instituto-de-Verano-2024-1-1-150x212.png 150w, https:\/\/generales.uprrp.edu\/innovaciones-educativas\/wp-content\/uploads\/sites\/29\/2024\/06\/Instituto-de-Verano-2024-1-1-450x637.png 450w, https:\/\/generales.uprrp.edu\/innovaciones-educativas\/wp-content\/uploads\/sites\/29\/2024\/06\/Instituto-de-Verano-2024-1-1-1200x1698.png 1200w\" sizes=\"auto, (max-width: 1587px) 100vw, 1587px\" \/><\/a><\/p>\n","protected":false},"excerpt":{"rendered":"<p>El Instituto de Verano es una plataforma que provee servicios acad\u00e9micos coordinados desde el Programa de Innovaciones Educativas (PIE) de la Facultad de Estudios Generales. Este Instituto ofrece mini-cursos, talleres y otras experiencias educativas para garantizar el mejor desempe\u00f1o a estudiantes que ser\u00e1n admitidos a la Universidad de Puerto Rico. El Instituto constituye una etapa<\/p>\n","protected":false},"author":11,"featured_media":0,"parent":0,"menu_order":0,"comment_status":"closed","ping_status":"closed","template":"","meta":{"footnotes":""},"class_list":["post-247","page","type-page","status-publish"],"_links":{"self":[{"href":"https:\/\/generales.uprrp.edu\/innovaciones-educativas\/wp-json\/wp\/v2\/pages\/247","targetHints":{"allow":["GET"]}}],"collection":[{"href":"https:\/\/generales.uprrp.edu\/innovaciones-educativas\/wp-json\/wp\/v2\/pages"}],"about":[{"href":"https:\/\/generales.uprrp.edu\/innovaciones-educativas\/wp-json\/wp\/v2\/types\/page"}],"author":[{"embeddable":true,"href":"https:\/\/generales.uprrp.edu\/innovaciones-educativas\/wp-json\/wp\/v2\/users\/11"}],"replies":[{"embeddable":true,"href":"https:\/\/generales.uprrp.edu\/innovaciones-educativas\/wp-json\/wp\/v2\/comments?post=247"}],"version-history":[{"count":3,"href":"https:\/\/generales.uprrp.edu\/innovaciones-educativas\/wp-json\/wp\/v2\/pages\/247\/revisions"}],"predecessor-version":[{"id":313,"href":"https:\/\/generales.uprrp.edu\/innovaciones-educativas\/wp-json\/wp\/v2\/pages\/247\/revisions\/313"}],"wp:attachment":[{"href":"https:\/\/generales.uprrp.edu\/innovaciones-educativas\/wp-json\/wp\/v2\/media?parent=247"}],"curies":[{"name":"wp","href":"https:\/\/api.w.org\/{rel}","templated":true}]}}