{"id":125,"date":"2022-02-23T15:15:41","date_gmt":"2022-02-23T15:15:41","guid":{"rendered":"https:\/\/generales.uprrp.edu\/innovaciones-educativas\/?page_id=125"},"modified":"2022-02-23T15:22:24","modified_gmt":"2022-02-23T15:22:24","slug":"galeria-multimedios","status":"publish","type":"page","link":"https:\/\/generales.uprrp.edu\/innovaciones-educativas\/galeria-multimedios\/","title":{"rendered":"Galer\u00eda Multimedios"},"content":{"rendered":"<p><b>An\u00edbal Santana: De la c\u00e1rcel a la universidad<\/b><br \/>Luego de casi 15 a\u00f1os encarcelado, un exconfinado encontr\u00f3 en la escritura la forma de contar su historia.\u00a0<a href=\"http:\/\/www.wapa.tv\/noticias\/especiales\/anibal-santana--de-la-carcel-a-la-universidad_20131122254459.html\" target=\"_blank\" rel=\"nofollow noopener\">Ver entrevista<\/a><\/p>\n<p><strong><a href=\"https:\/\/photos.app.goo.gl\/7DYRZ7yF4nqURTnn1\" target=\"_blank\" rel=\"noopener\">Conferencia: Antropolog\u00eda Gastron\u00f3mica<\/a><\/strong><\/p>\n<p>https:\/\/www.youtube.com\/watch?v=OZK-6t1gA3ghttps:\/\/www.youtube.com\/watch?v=EQwDm3ul2Ko<\/p>\n","protected":false},"excerpt":{"rendered":"<p>An\u00edbal Santana: De la c\u00e1rcel a la universidadLuego de casi 15 a\u00f1os encarcelado, un exconfinado encontr\u00f3 en la escritura la forma de contar su historia.\u00a0Ver entrevista Conferencia: Antropolog\u00eda Gastron\u00f3mica https:\/\/www.youtube.com\/watch?v=OZK-6t1gA3ghttps:\/\/www.youtube.com\/watch?v=EQwDm3ul2Ko<\/p>\n","protected":false},"author":11,"featured_media":0,"parent":0,"menu_order":0,"comment_status":"closed","ping_status":"closed","template":"","meta":{"footnotes":""},"class_list":["post-125","page","type-page","status-publish"],"_links":{"self":[{"href":"https:\/\/generales.uprrp.edu\/innovaciones-educativas\/wp-json\/wp\/v2\/pages\/125","targetHints":{"allow":["GET"]}}],"collection":[{"href":"https:\/\/generales.uprrp.edu\/innovaciones-educativas\/wp-json\/wp\/v2\/pages"}],"about":[{"href":"https:\/\/generales.uprrp.edu\/innovaciones-educativas\/wp-json\/wp\/v2\/types\/page"}],"author":[{"embeddable":true,"href":"https:\/\/generales.uprrp.edu\/innovaciones-educativas\/wp-json\/wp\/v2\/users\/11"}],"replies":[{"embeddable":true,"href":"https:\/\/generales.uprrp.edu\/innovaciones-educativas\/wp-json\/wp\/v2\/comments?post=125"}],"version-history":[{"count":7,"href":"https:\/\/generales.uprrp.edu\/innovaciones-educativas\/wp-json\/wp\/v2\/pages\/125\/revisions"}],"predecessor-version":[{"id":133,"href":"https:\/\/generales.uprrp.edu\/innovaciones-educativas\/wp-json\/wp\/v2\/pages\/125\/revisions\/133"}],"wp:attachment":[{"href":"https:\/\/generales.uprrp.edu\/innovaciones-educativas\/wp-json\/wp\/v2\/media?parent=125"}],"curies":[{"name":"wp","href":"https:\/\/api.w.org\/{rel}","templated":true}]}}

Galería Multimedios

<p><b>Aníbal Santana: De la cárcel a la universidad</b><br />Luego de casi 15 años encarcelado, un exconfinado encontró en la escritura la forma de contar su historia. <a href="http://www.wapa.tv/noticias/especiales/anibal-santana--de-la-carcel-a-la-universidad_20131122254459.html" target="_blank" rel="nofollow noopener">Ver entrevista</a></p>
<p><strong><a href="https://photos.app.goo.gl/7DYRZ7yF4nqURTnn1" target="_blank" rel="noopener">Conferencia: Antropología Gastronómica</a></strong></p>
<p>https://www.youtube.com/watch?v=OZK-6t1gA3ghttps://www.youtube.com/watch?v=EQwDm3ul2Ko</p>

<p>Aníbal Santana: De la cárcel a la universidadLuego de casi 15 años encarcelado, un exconfinado encontró en la escritura la forma de contar su historia. Ver entrevista Conferencia: Antropología Gastronómica https://www.youtube.com/watch?v=OZK-6t1gA3ghttps://www.youtube.com/watch?v=EQwDm3ul2Ko</p>
