{"id":128,"date":"2017-02-22T18:12:58","date_gmt":"2017-02-22T18:12:58","guid":{"rendered":"http:\/\/generalesdv.uprrp.edu\/ingles\/?page_id=128"},"modified":"2023-05-30T17:26:46","modified_gmt":"2023-05-30T17:26:46","slug":"goals","status":"publish","type":"page","link":"https:\/\/generales.uprrp.edu\/ingles\/goals\/","title":{"rendered":"Goals"},"content":{"rendered":"\t\t<div data-elementor-type=\"wp-page\" data-elementor-id=\"128\" class=\"elementor elementor-128\">\n\t\t\t\t\t\t<section class=\"elementor-section elementor-top-section elementor-element elementor-element-75a9fde elementor-section-boxed elementor-section-height-default elementor-section-height-default\" data-id=\"75a9fde\" data-element_type=\"section\" data-e-type=\"section\">\n\t\t\t\t\t\t<div class=\"elementor-container elementor-column-gap-default\">\n\t\t\t\t\t<div class=\"elementor-column elementor-col-50 elementor-top-column elementor-element elementor-element-decdbfa\" data-id=\"decdbfa\" data-element_type=\"column\" data-e-type=\"column\">\n\t\t\t<div class=\"elementor-widget-wrap elementor-element-populated\">\n\t\t\t\t\t\t<div class=\"elementor-element elementor-element-f3ce3a1 elementor-widget elementor-widget-text-editor\" data-id=\"f3ce3a1\" data-element_type=\"widget\" data-e-type=\"widget\" data-widget_type=\"text-editor.default\">\n\t\t\t\t<div class=\"elementor-widget-container\">\n\t\t\t\t\t\t\t\t\t<ul><li>Provide educational experiences that promote the optimal command of communication skills in English: reading, writing, oral communication and listening comprehension.<\/li><li>Promote critical thinking through an interdisciplinary experience oriented towards the integration of knowledge.<\/li><li>Train the student, through an approach to the modes of inquiry of various disciplines, to understand and evaluate the incessant flow of information that characterizes contemporary life so that it can be used when taking positions on the issues that concern the world.<\/li><li>Stimulate pleasure in reading as well as aesthetic sensibility and examine ethical and humanistic values, reflected in human experience and behavior, through reading and critical analysis of literary works in different genres.<\/li><li>Encourage a positive attitude and interest towards the learning of a second language and the world views that it communicates while preserving the appreciation of the vernacular and of the culture itself.<\/li><li>Promote research and creative action in such a way that students contribute to knowledge and its interconnections with the various disciplines.<\/li><\/ul>\t\t\t\t\t\t\t\t<\/div>\n\t\t\t\t<\/div>\n\t\t\t\t\t<\/div>\n\t\t<\/div>\n\t\t\t\t<div class=\"elementor-column elementor-col-50 elementor-top-column elementor-element elementor-element-60274de\" data-id=\"60274de\" data-element_type=\"column\" data-e-type=\"column\">\n\t\t\t<div class=\"elementor-widget-wrap elementor-element-populated\">\n\t\t\t\t\t\t<div class=\"elementor-element elementor-element-7cee4a2 elementor-widget elementor-widget-text-editor\" data-id=\"7cee4a2\" data-element_type=\"widget\" data-e-type=\"widget\" data-widget_type=\"text-editor.default\">\n\t\t\t\t<div class=\"elementor-widget-container\">\n\t\t\t\t\t\t\t\t\t<ul><li>Proveer experiencias educativas que promuevan el dominio \u00f3ptimo de destrezas de comunicaci\u00f3n en ingl\u00e9s: lectura, redacci\u00f3n, comunicaci\u00f3n oral y comprensi\u00f3n auditiva.<\/li><li>Promover el pensamiento cr\u00edtico a trav\u00e9s de una experiencia interdisciplinaria orientada hacia la integraci\u00f3n del conocimiento.<\/li><li>Capacitar al estudiante, a trav\u00e9s de un acercamiento a los modos de indagaci\u00f3n de diversas disciplinas, para entender y evaluar el incesante flujo de informaci\u00f3n que caracteriza el mundo contempor\u00e1neo para que pueda utilizarla al momento de asumir posiciones sobre los asuntos que ata\u00f1en al mundo.<\/li><li>Estimular el placer en la lectura al igual que la sensibilidad est\u00e9tica y examinar los valores \u00e9ticos y human\u00edsticos, reflejados en la experiencia y comportamiento humano, a trav\u00e9s de la lectura y el an\u00e1lisis cr\u00edtico de obras literarias en los diferentes g\u00e9neros.<\/li><li>Fomentar una actitud positiva e inter\u00e9s hacia el aprendizaje de un segundo idioma y las visiones de mundo que \u00e9ste comunica conservando el aprecio del vern\u00e1culo y de la propia cultura.<\/li><li>Propiciar la investigaci\u00f3n y la acci\u00f3n creadora de forma tal que los estudiantes aporten a los saberes y sus interconexiones con las diversas disciplinas.<\/li><\/ul>\t\t\t\t\t\t\t\t<\/div>\n\t\t\t\t<\/div>\n\t\t\t\t\t<\/div>\n\t\t<\/div>\n\t\t\t\t\t<\/div>\n\t\t<\/section>\n\t\t\t\t<\/div>\n\t\t","protected":false},"excerpt":{"rendered":"<p>Provide educational experiences that promote the optimal command of communication skills in English: reading, writing, oral communication and listening comprehension. Promote critical thinking through an interdisciplinary experience oriented towards the integration of knowledge. Train the student, through an approach to the modes of inquiry of various disciplines, to understand and evaluate the incessant flow of<\/p>\n","protected":false},"author":11,"featured_media":0,"parent":0,"menu_order":0,"comment_status":"closed","ping_status":"closed","template":"","meta":{"footnotes":""},"class_list":["post-128","page","type-page","status-publish"],"amp_enabled":true,"_links":{"self":[{"href":"https:\/\/generales.uprrp.edu\/ingles\/wp-json\/wp\/v2\/pages\/128","targetHints":{"allow":["GET"]}}],"collection":[{"href":"https:\/\/generales.uprrp.edu\/ingles\/wp-json\/wp\/v2\/pages"}],"about":[{"href":"https:\/\/generales.uprrp.edu\/ingles\/wp-json\/wp\/v2\/types\/page"}],"author":[{"embeddable":true,"href":"https:\/\/generales.uprrp.edu\/ingles\/wp-json\/wp\/v2\/users\/11"}],"replies":[{"embeddable":true,"href":"https:\/\/generales.uprrp.edu\/ingles\/wp-json\/wp\/v2\/comments?post=128"}],"version-history":[{"count":25,"href":"https:\/\/generales.uprrp.edu\/ingles\/wp-json\/wp\/v2\/pages\/128\/revisions"}],"predecessor-version":[{"id":437,"href":"https:\/\/generales.uprrp.edu\/ingles\/wp-json\/wp\/v2\/pages\/128\/revisions\/437"}],"wp:attachment":[{"href":"https:\/\/generales.uprrp.edu\/ingles\/wp-json\/wp\/v2\/media?parent=128"}],"curies":[{"name":"wp","href":"https:\/\/api.w.org\/{rel}","templated":true}]}}