{"id":210,"date":"2023-11-16T14:57:18","date_gmt":"2023-11-16T14:57:18","guid":{"rendered":"https:\/\/generales.uprrp.edu\/indilpe-caribe\/?page_id=210"},"modified":"2024-03-05T14:58:28","modified_gmt":"2024-03-05T14:58:28","slug":"proyectos-de-revitalizacion-y-restauracion-linguistica","status":"publish","type":"page","link":"https:\/\/generales.uprrp.edu\/indilpe-caribe\/proyectos-de-revitalizacion-y-restauracion-linguistica\/","title":{"rendered":"Proyectos de revitalizaci\u00f3n y restauraci\u00f3n ling\u00fc\u00edstica"},"content":{"rendered":"<p>En esta secci\u00f3n documentaremos proyectos de revitalizaci\u00f3n y restauraci\u00f3n con respecto a lenguas que han sido consideradas muertas y est\u00e1n experimentando un proceso de restauraci\u00f3n, reanimaci\u00f3n o re-despertar por parte de ling\u00fcistas, activistas y \/ o comunidades.<\/p>\n<p>Como afirma Tsunoda Tasuki, se est\u00e1n haciendo muchos &#8220;esfuerzos dedicados a documentar las lenguas en peligro de extinci\u00f3n, para mantenerlas e incluso para revivir lenguas una vez extintas&#8221; (p 6). Un claro ejemplo de un caso de \u00e9xito ha sido la restauraci\u00f3n del hebreo de la cual, como afirma Lemus, \u201cpodemos aprender muchas lecciones\u201d, pero la m\u00e1s importante es el papel del hablante en el proceso de toma de decisiones. Dice: &#8220;La lecci\u00f3n m\u00e1s importante que se puede aprender de la reanimaci\u00f3n del hebreo es que ning\u00fan idioma puede ser revitalizado o revivido a menos que sus hablantes sientan que es un componente importante de su identidad cultural&#8221; (Lemus).<\/p>\n<p>Entre los proyectos presentados en esta secci\u00f3n, encontrar\u00e1 ejemplos de la restauraci\u00f3n del ta\u00edno que se est\u00e1 llevando a cabo tanto en Puerto Rico como en los Estados Unidos, seg\u00fan lo declarado por los proponentes de dichos proyectos.<\/p>\n<p>Al estar radicados en Puerto Rico, los investigadores de <em>InDiLPE del Caribe<\/em>, entendemos que es pertinente y necesario abordar el tema de los esfuerzos que otros investigadores est\u00e1n haciendo para restaurar el lenguaje ta\u00edno y demostrar su valor como elemento del patrimonio cultural.<\/p>\n<p>Otros ejemplos de idiomas que est\u00e1n siendo despertados o restaurados en el Caribe, ademas del <a href=\"https:\/\/generales.uprrp.edu\/indilpe-caribe\/wp-content\/uploads\/sites\/28\/2024\/03\/Lista-de-trabajos-y-proyectos-sobre-el-Taino.pdf\" target=\"_blank\" rel=\"noopener\">taino<\/a>, son:<\/p>\n<ol>\n<li>Colecci\u00f3n del Proyecto de Lengua y Cultura Rama | Archivo de las Lenguas Ind\u00edgenas de Am\u00e9rica Latina (utexas.org)<\/li>\n<li>Los proyectos de protecci\u00f3n del patois en Trinidad y Tobago<\/li>\n<\/ol>\n<p>Debido a la naturaleza del cambio ling\u00fc\u00edstico y al nuevo inter\u00e9s de ling\u00fcistas, activistas y hablantes, esta secci\u00f3n estar\u00e1 en constante desarrollo.<\/p>\n<p class=\"p2\"><span class=\"s1\"><span class=\"Apple-converted-space\">\u00a0<\/span><\/span><b><a href=\"https:\/\/generales.uprrp.edu\/indilpe-caribe\/wp-content\/uploads\/sites\/28\/2024\/03\/Lista-de-trabajos-y-proyectos-sobre-el-Taino.pdf\" target=\"_blank\" rel=\"noopener\">Lista de trabajos y proyectos sobre el Taino<\/a><span class=\"Apple-converted-space\">\u00a0<\/span><\/b><\/p>\n","protected":false},"excerpt":{"rendered":"<p>En esta secci\u00f3n documentaremos proyectos de revitalizaci\u00f3n y restauraci\u00f3n con respecto a lenguas que han sido consideradas muertas y est\u00e1n experimentando un proceso de restauraci\u00f3n, reanimaci\u00f3n o re-despertar por parte de ling\u00fcistas, activistas y \/ o comunidades. Como afirma Tsunoda Tasuki, se est\u00e1n haciendo muchos &#8220;esfuerzos dedicados a documentar las lenguas en peligro de extinci\u00f3n,<\/p>\n","protected":false},"author":11,"featured_media":0,"parent":0,"menu_order":0,"comment_status":"closed","ping_status":"closed","template":"","meta":{"footnotes":""},"class_list":["post-210","page","type-page","status-publish"],"_links":{"self":[{"href":"https:\/\/generales.uprrp.edu\/indilpe-caribe\/wp-json\/wp\/v2\/pages\/210","targetHints":{"allow":["GET"]}}],"collection":[{"href":"https:\/\/generales.uprrp.edu\/indilpe-caribe\/wp-json\/wp\/v2\/pages"}],"about":[{"href":"https:\/\/generales.uprrp.edu\/indilpe-caribe\/wp-json\/wp\/v2\/types\/page"}],"author":[{"embeddable":true,"href":"https:\/\/generales.uprrp.edu\/indilpe-caribe\/wp-json\/wp\/v2\/users\/11"}],"replies":[{"embeddable":true,"href":"https:\/\/generales.uprrp.edu\/indilpe-caribe\/wp-json\/wp\/v2\/comments?post=210"}],"version-history":[{"count":5,"href":"https:\/\/generales.uprrp.edu\/indilpe-caribe\/wp-json\/wp\/v2\/pages\/210\/revisions"}],"predecessor-version":[{"id":272,"href":"https:\/\/generales.uprrp.edu\/indilpe-caribe\/wp-json\/wp\/v2\/pages\/210\/revisions\/272"}],"wp:attachment":[{"href":"https:\/\/generales.uprrp.edu\/indilpe-caribe\/wp-json\/wp\/v2\/media?parent=210"}],"curies":[{"name":"wp","href":"https:\/\/api.w.org\/{rel}","templated":true}]}}