{"id":72,"date":"2017-03-01T14:59:32","date_gmt":"2017-03-01T14:59:32","guid":{"rendered":"http:\/\/generalesdv.uprrp.edu\/humanidades\/?page_id=72"},"modified":"2019-10-16T13:25:11","modified_gmt":"2019-10-16T13:25:11","slug":"avaluo","status":"publish","type":"page","link":"https:\/\/generales.uprrp.edu\/humanidades\/avaluo\/","title":{"rendered":"Aval\u00fao"},"content":{"rendered":"<div>\n<p>Revisados por la Dra. Everlidis Vargas Ramos, Coordinadora del Aval\u00fao en el Departamento de Humanidades<\/p>\n<ul>\n<li><span style=\"font-size: medium\"><span lang=\"ES\"><a href=\"https:\/\/sites.google.com\/site\/departamentohuma\/departamento\/caa--comite-de-asuntos-academicos\/caa-docs\/R%C3%9ABRICA%20PARA%20EVALUAR%20DESTREZAS%20DE%20PENSAMIENTO%20CR%C3%8DTICO.doc?attredirects=0\">R\u00fabrica para evaluar destrezas de pensamiento cr\u00edtico<\/a>&#8211; Dra. Marta Medina (2011)<br \/>\n<\/span><\/span><\/li>\n<li><span style=\"font-size: medium\"><a href=\"https:\/\/sites.google.com\/site\/departamentohuma\/departamento\/caa--comite-de-asuntos-academicos\/caa-docs\/Ru%20brica%20corregida%20en%20abril%20HUMA%2013%20marzo%2Crev.20-03-12-Piloto%202.pdf?attredirects=0\">R\u00fabrica para evaluar las competencias de informaci\u00f3n\u00a0 a nivel de inicio en la FEG<\/a>\u00a0 (Se recomienda la definici\u00f3n sobre Bibliograf\u00eda Anotada que provee la Biblioteca de la Universidad de Cornell: <a href=\"http:\/\/olinuris.library.cornell.edu\" rel=\"nofollow\">olinuris.library.cornell.edu<\/a> )<\/span><\/li>\n<li><span style=\"font-size: medium\"><a href=\"https:\/\/sites.google.com\/site\/departamentohuma\/departamento\/caa--comite-de-asuntos-academicos\/caa-docs\/R%C3%BAbrica%20de%20Competencias%20Pens.%20Cr%C3%ADt.%20y%20Comp.%20de%20Informacion%202014-15.doc?attredirects=0&amp;d=1\">R\u00fabrica para evaluar las competencias de informaci\u00f3n y de pensamiento cr\u00edtico<\/a>&#8211; Dra. Everlidis Vargas<br \/>\n<\/span><\/li>\n<li><span style=\"font-size: medium\"><a href=\"https:\/\/sites.google.com\/site\/departamentohuma\/departamento\/caa--comite-de-asuntos-academicos\/caa-docs\/guia%20para%20preparar%20resenas.pdf?attredirects=0&amp;d=1\">Gu\u00eda para preparar rese\u00f1as<\/a>&#8211; Dra. Marta Medina<br \/>\n<\/span><\/li>\n<li><span style=\"font-size: medium\"><a href=\"https:\/\/sites.google.com\/site\/departamentohuma\/departamento\/caa--comite-de-asuntos-academicos\/caa-docs\/CriticalThinking.pdf?attredirects=0&amp;d=1\">Critical Thinking Value Rubric<\/a><\/span><\/li>\n<li><span style=\"font-size: medium\"><a href=\"https:\/\/sites.google.com\/site\/departamentohuma\/departamento\/caa--comite-de-asuntos-academicos\/caa-docs\/Hoja%20de%20evaluacio%20n%20de%20actividades%20marzo%202015.pdf?attredirects=0&amp;d=1\">Hoja de Evaluaci\u00f3n de Actividades Acad\u00e9micas (marzo 2015)<\/a><\/span><\/li>\n<li><span style=\"font-size: medium\"><a href=\"https:\/\/sites.google.com\/site\/departamentociso\/avaluo-repositorio\/%2808%29%20INFORME%20PARCIAL-FINAL%20DE%20ASSESSMENT%20DEL%20APRENDIZAJE%20%20ESTUDIANTIL.pdf?attredirects=0&amp;d=1\">Integraci\u00f3n y aval\u00fao en el proceso de ense\u00f1anza-aprendizaje<\/a>&#8211; (Centro de Excelencia Acad\u00e9mica)<br \/>\n<\/span><\/li>\n<\/ul>\n<div>\n<ul>\n<li><span style=\"font-size: medium\"><a href=\"https:\/\/sites.google.com\/site\/departamentohuma\/departamento\/caa--comite-de-asuntos-academicos\/caa-docs\/Presentaci%C3%B3n%20sobre%20el%20Pensamiento%20Creador.pptx?attredirects=0&amp;d=1\">Taller sobre Creatividad<\/a>&#8211; Dra. Everlidis Vargas<\/span><\/li>\n<li><a href=\"https:\/\/sites.google.com\/site\/departamentohuma\/departamento\/caa--comite-de-asuntos-academicos\/caa-docs\/Pensamiento%20critico.pdf?attredirects=0&amp;d=1\"><span style=\"font-size: medium\">Taller sobre Pensamiento Cr\u00edtico<\/span><\/a><\/li>\n<\/ul>\n<ul>\n<li><span style=\"font-size: medium\"><a href=\"https:\/\/sites.google.com\/site\/departamentohuma\/departamento\/caa--comite-de-asuntos-academicos\/caa-docs\/Plan%20de%20Avalu%CC%81o%20Oficial.pdf?attredirects=0&amp;d=1\">Plan de Trabajo de Aval\u00fao (2014-2015)<\/a>&#8211; Dra. Everlidis Vargas<br \/>\n<\/span><\/li>\n<li><a href=\"https:\/\/sites.google.com\/site\/departamentohuma\/departamento\/caa--comite-de-asuntos-academicos\/caa-docs\/Instrucciones%20para%20el%20profesor%20y%20estudiantes.pdf?attredirects=0&amp;d=1\"><span style=\"font-size: medium\">Instrucciones a estudiantes y profesor para actividad de aval\u00fao<br \/>\n<\/span><\/a><\/li>\n<\/ul>\n<ul>\n<li><span style=\"font-size: medium\"><a href=\"https:\/\/sites.google.com\/site\/departamentohuma\/departamento\/caa--comite-de-asuntos-academicos\/caa-docs\/Plan%20de%20Trabajo%20Comp.%20de%20Pensamiento%20y%20An%C3%A1lisis%20Cr%C3%ADtico%20%26%20Comp.%20Informaci%C3%B3n%20%282014-2015%29%20Depart.%20Humanidades.doc?attredirects=0&amp;d=1\">Plan de Trabajo Competencias de Pensamiento &amp; Competencias de Informaci\u00f3n<\/a><br \/>\n<\/span><\/li>\n<li><span style=\"font-size: medium\"><a href=\"https:\/\/sites.google.com\/site\/departamentohuma\/departamento\/caa--comite-de-asuntos-academicos\/caa-docs\/Planilla%20Informe%20Assessment%20del%20Aprendizaje%20Estudiantil%20HUMA%20mod.doc?attredirects=0&amp;d=1\">Planilla del Informe OEAE<\/a><\/span><\/li>\n<\/ul>\n<ul>\n<li><span style=\"font-size: medium\"><a href=\"https:\/\/sites.google.com\/site\/departamentohuma\/departamento\/caa--comite-de-asuntos-academicos\/caa-docs\/PROYECTO%20DE%20AVALU%20O%20DE%20LAS%20COMPETENCIAS%20DE%20EDUCACIO%20N%20%20GENERAL%20%28PLAN%20DE%20TRES%20AN%20OS%20%202013-2016%29.pdf?attredirects=0&amp;d=1\">Proyecto de Aval\u00fao de las Competencias de Educaci\u00f3n General(Plan de Tres A\u00f1os 2013-2016)<br \/>\n<\/a><\/span><\/li>\n<\/ul>\n<p><b><span style=\"font-size: small\">INFORMES<\/span><\/b><\/p>\n<ul>\n<li><a href=\"https:\/\/sites.google.com\/site\/departamentohuma\/departamento\/caa--comite-de-asuntos-academicos\/caa-docs\/Matriz%20del%20Plan%20Piloto.pdf?attredirects=0&amp;d=1\"><span style=\"font-size: medium\">Informe de los Resultados de Aval\u00fao de las Competencias de Pensamiento Cr\u00edtico (2011)<\/span><\/a><\/li>\n<li><span style=\"font-size: medium\"><a href=\"https:\/\/sites.google.com\/site\/departamentohuma\/departamento\/caa--comite-de-asuntos-academicos\/caa-docs\/Informe%20al%20Departamento-%20v.%20simple.pptx?attredirects=0\">Informe al Departamento de Humanidades- Dra. Brunilda Cotto<\/a><\/span><\/li>\n<li><span style=\"font-size: medium\"><a href=\"https:\/\/sites.google.com\/site\/departamentohuma\/departamento\/caa--comite-de-asuntos-academicos\/caa-docs\/FEG-HUMA-INFO%20Resultados%20Avalu%CC%81o%20sem%201%202011-12.pdf?attredirects=0&amp;d=1\">Informe de los Resultados de Aval\u00fao de las Competencias de Educaci\u00f3n General (Sem. I, 2011-2012)<\/a><\/span><\/li>\n<li><span style=\"font-size: medium\"><a href=\"https:\/\/sites.google.com\/site\/departamentohuma\/departamento\/caa--comite-de-asuntos-academicos\/caa-docs\/FEG-HUMA-INFO%20Resultados%20avalu%CC%81o%20Sem%202%202011-12%20%281%29.pdf?attredirects=0&amp;d=1\">Informe de los Resultados de Aval\u00fao de las Competencias de Educaci\u00f3n General (Sem. II, 2011-2012)<\/a><\/span><\/li>\n<li><span style=\"font-size: medium\"><a href=\"https:\/\/sites.google.com\/site\/departamentohuma\/departamento\/caa--comite-de-asuntos-academicos\/caa-docs\/FEG-HUMA-INFO%20Resultados%20avalu%CC%81o%20Sem%202%202013-14%20%281%29.pdf?attredirects=0&amp;d=1\">Informe de los Resultados de Aval\u00fao de las Competencias de Educaci\u00f3n General (Sem. II, 2013-2014)<\/a><\/span><\/li>\n<li><span style=\"font-size: medium\"><a href=\"https:\/\/sites.google.com\/site\/departamentohuma\/departamento\/caa--comite-de-asuntos-academicos\/caa-docs\/CAMBIOS%20GENERADOS%20POR%20EL%20AVALU%CC%81O%20DE%20COMPETENCIAS%20DE%20%20EDUCACIO%CC%81N%20GENERAL%20HUMA%20-%202010-actualidad.pdf?attredirects=0&amp;d=1\">Informe de Cambios Generados de Aval\u00fao (2010-2014)<\/a>&#8211; Dra. Everlidis Vargas<\/span><br \/>\n<span style=\"font-size: medium\"><a href=\"https:\/\/sites.google.com\/site\/departamentohuma\/departamento\/caa--comite-de-asuntos-academicos\/caa-docs\/CUESTIONARIO_ASSESSMENT_MSCHE_DIRECTORES%20HUMA%20.doc?attredirects=0&amp;d=1\">Informe\u00a0 para la Oficina de Evaluaci\u00f3n del Aprendizaje Estudiantil (OEAE)<\/a>&#8211; Dra. Everlidis Vargas<\/span><\/li>\n<li><span style=\"font-size: medium\"><a href=\"https:\/\/sites.google.com\/site\/departamentohuma\/departamento\/caa--comite-de-asuntos-academicos\/caa-docs\/Informe%20Anual%20Parcial%20HUMA%20A%C3%B1o%20Acad%C3%A9mico%202014-15.doc?attredirects=0&amp;d=1\">Informe Anual Parcial de Aval\u00fao Semestre I 2014-2015 <\/a>&#8211; Dra. Everlidis Vargas<br \/>\n<\/span><\/li>\n<li><span style=\"font-size: medium\"><a href=\"https:\/\/sites.google.com\/site\/departamentohuma\/departamento\/caa--comite-de-asuntos-academicos\/caa-docs\/Informe%20de%20Resultados%20Aval%C3%BAo%20I%20Semestre%202014-2015%20HUMA%20Final.doc?attredirects=0&amp;d=1\">Informe de Aval\u00fao de Competencias de Pensamiento y\/o An\u00e1lisis Cr\u00edtico &amp; Competencias de Informaci\u00f3n -Semestre I 2014-2015<\/a>&#8211; Dra. Everlidis Vargas<\/span><\/li>\n<li><a href=\"https:\/\/docs.google.com\/viewer?a=v&amp;pid=sites&amp;srcid=ZGVmYXVsdGRvbWFpbnxkZXBhcnRhbWVudG9odW1hfGd4OjE3YjQ3MzYxZWRlNGIzYWI\"><span style=\"font-size: medium\">Informe Anual Final de Assessment del Aprendizaje Estudiantil (Primer Semestre 2015-16)<\/span><\/a><\/li>\n<li><a href=\"https:\/\/docs.google.com\/viewer?a=v&amp;pid=sites&amp;srcid=ZGVmYXVsdGRvbWFpbnxkZXBhcnRhbWVudG9odW1hfGd4OjM1MDYyMTFjYWJhMWQ5NjU\"><span style=\"font-size: medium\">Resumen Aval\u00fao 2015-16<\/span><\/a><\/li>\n<li><a href=\"https:\/\/docs.google.com\/viewer?a=v&amp;pid=sites&amp;srcid=ZGVmYXVsdGRvbWFpbnxkZXBhcnRhbWVudG9odW1hfGd4OjY0Y2I1Y2RkNDNhZjk0YzI\"><span style=\"font-size: medium\">Tabla Datos HUMA Sem I 2015-16<\/span><\/a><\/li>\n<li><span style=\"font-size: medium\"><a href=\"https:\/\/docs.google.com\/viewer?a=v&amp;pid=sites&amp;srcid=ZGVmYXVsdGRvbWFpbnxkZXBhcnRhbWVudG9odW1hfGd4OjcyMjFhZmFiNTBlYzNlYjc\" target=\"_blank\" rel=\"noopener noreferrer\">Informe de los Resultados de Aval\u00fao de las Competencias de Pensamiento Cr\u00edtico e Informaci\u00f3n \u00a0 \u00a0 \u00a0 \u00a0 \u00a0 \u00a0 \u00a0 \u00a0 \u00a0\u00a0 ( 2015-2016)<\/a><br \/>\n<\/span><\/li>\n<\/ul>\n<\/div>\n<\/div>\n","protected":false},"excerpt":{"rendered":"<p>Revisados por la Dra. Everlidis Vargas Ramos, Coordinadora del Aval\u00fao en el Departamento de Humanidades R\u00fabrica para evaluar destrezas de pensamiento cr\u00edtico&#8211; Dra. Marta Medina (2011) R\u00fabrica para evaluar las competencias de informaci\u00f3n\u00a0 a nivel de inicio en la FEG\u00a0 (Se recomienda la definici\u00f3n sobre Bibliograf\u00eda Anotada que provee la Biblioteca de la Universidad de<\/p>\n","protected":false},"author":11,"featured_media":0,"parent":0,"menu_order":0,"comment_status":"closed","ping_status":"closed","template":"","meta":{"footnotes":""},"class_list":["post-72","page","type-page","status-publish"],"amp_enabled":true,"_links":{"self":[{"href":"https:\/\/generales.uprrp.edu\/humanidades\/wp-json\/wp\/v2\/pages\/72","targetHints":{"allow":["GET"]}}],"collection":[{"href":"https:\/\/generales.uprrp.edu\/humanidades\/wp-json\/wp\/v2\/pages"}],"about":[{"href":"https:\/\/generales.uprrp.edu\/humanidades\/wp-json\/wp\/v2\/types\/page"}],"author":[{"embeddable":true,"href":"https:\/\/generales.uprrp.edu\/humanidades\/wp-json\/wp\/v2\/users\/11"}],"replies":[{"embeddable":true,"href":"https:\/\/generales.uprrp.edu\/humanidades\/wp-json\/wp\/v2\/comments?post=72"}],"version-history":[{"count":7,"href":"https:\/\/generales.uprrp.edu\/humanidades\/wp-json\/wp\/v2\/pages\/72\/revisions"}],"predecessor-version":[{"id":389,"href":"https:\/\/generales.uprrp.edu\/humanidades\/wp-json\/wp\/v2\/pages\/72\/revisions\/389"}],"wp:attachment":[{"href":"https:\/\/generales.uprrp.edu\/humanidades\/wp-json\/wp\/v2\/media?parent=72"}],"curies":[{"name":"wp","href":"https:\/\/api.w.org\/{rel}","templated":true}]}}