{"id":7,"date":"2016-04-07T17:17:52","date_gmt":"2016-04-07T17:17:52","guid":{"rendered":"http:\/\/generalesdv.uprrp.edu\/humanidades\/?page_id=7"},"modified":"2020-12-16T18:28:46","modified_gmt":"2020-12-16T18:28:46","slug":"departamento","status":"publish","type":"page","link":"https:\/\/generales.uprrp.edu\/humanidades\/","title":{"rendered":"Departamento Humanidades"},"content":{"rendered":"<h5 style=\"text-align: left\">El\u00a0Departamento de Humanidades considera de particular inter\u00e9s todos los problemas que se refieren al ser humano, a su condici\u00f3n y a su destino, al \u00e9nfasis sobre el ser humano como uno de los polos integradores del mundo del saber, a la funci\u00f3n humanizante del conocimiento, al desarrollo de actitudes cr\u00edticas en el estudiante, al cultivo de sus capacidades de pensamiento, al despertar de su sensibilidad est\u00e9tica, a la creaci\u00f3n art\u00edstica y a la formaci\u00f3n de una conciencia \u00e9tica. Dentro de ese marco, el Departamento de Humanidades aspira a que el estudiante llegue a conocer la historia de la civilizaci\u00f3n occidental, lo que habr\u00e1 de conducirlo a comprenderse a s\u00ed mismo como ser humano en formaci\u00f3n y a comprender su situaci\u00f3n hist\u00f3rica.<\/h5>\n","protected":false},"excerpt":{"rendered":"<p>El\u00a0Departamento de Humanidades considera de particular inter\u00e9s todos los problemas que se refieren al ser humano, a su condici\u00f3n y a su destino, al \u00e9nfasis sobre el ser humano como uno de los polos integradores del mundo del saber, a la funci\u00f3n humanizante del conocimiento, al desarrollo de actitudes cr\u00edticas en el estudiante, al cultivo<\/p>\n","protected":false},"author":2,"featured_media":0,"parent":0,"menu_order":0,"comment_status":"closed","ping_status":"closed","template":"page-blocks.php","meta":{"footnotes":""},"class_list":["post-7","page","type-page","status-publish"],"amp_enabled":false,"_links":{"self":[{"href":"https:\/\/generales.uprrp.edu\/humanidades\/wp-json\/wp\/v2\/pages\/7","targetHints":{"allow":["GET"]}}],"collection":[{"href":"https:\/\/generales.uprrp.edu\/humanidades\/wp-json\/wp\/v2\/pages"}],"about":[{"href":"https:\/\/generales.uprrp.edu\/humanidades\/wp-json\/wp\/v2\/types\/page"}],"author":[{"embeddable":true,"href":"https:\/\/generales.uprrp.edu\/humanidades\/wp-json\/wp\/v2\/users\/2"}],"replies":[{"embeddable":true,"href":"https:\/\/generales.uprrp.edu\/humanidades\/wp-json\/wp\/v2\/comments?post=7"}],"version-history":[{"count":16,"href":"https:\/\/generales.uprrp.edu\/humanidades\/wp-json\/wp\/v2\/pages\/7\/revisions"}],"predecessor-version":[{"id":408,"href":"https:\/\/generales.uprrp.edu\/humanidades\/wp-json\/wp\/v2\/pages\/7\/revisions\/408"}],"wp:attachment":[{"href":"https:\/\/generales.uprrp.edu\/humanidades\/wp-json\/wp\/v2\/media?parent=7"}],"curies":[{"name":"wp","href":"https:\/\/api.w.org\/{rel}","templated":true}]}}