{"id":18722,"date":"2025-07-03T19:19:22","date_gmt":"2025-07-03T19:19:22","guid":{"rendered":"https:\/\/generales.uprrp.edu\/cret\/?page_id=18722"},"modified":"2025-07-03T19:24:59","modified_gmt":"2025-07-03T19:24:59","slug":"meta-y-objetivos","status":"publish","type":"page","link":"https:\/\/generales.uprrp.edu\/cret\/meta-y-objetivos\/","title":{"rendered":"Meta y objetivos"},"content":{"rendered":"\t\t<div data-elementor-type=\"wp-page\" data-elementor-id=\"18722\" class=\"elementor elementor-18722\">\n\t\t\t\t\t\t<section class=\"elementor-section elementor-top-section elementor-element elementor-element-69f6e75 elementor-section-boxed elementor-section-height-default elementor-section-height-default\" data-id=\"69f6e75\" data-element_type=\"section\" data-e-type=\"section\">\n\t\t\t\t\t\t<div class=\"elementor-container elementor-column-gap-default\">\n\t\t\t\t\t<div class=\"elementor-column elementor-col-100 elementor-top-column elementor-element elementor-element-26ab9a7\" data-id=\"26ab9a7\" data-element_type=\"column\" data-e-type=\"column\">\n\t\t\t<div class=\"elementor-widget-wrap elementor-element-populated\">\n\t\t\t\t\t\t<div class=\"elementor-element elementor-element-c2efaa5 elementor-widget elementor-widget-text-editor\" data-id=\"c2efaa5\" data-element_type=\"widget\" data-e-type=\"widget\" data-widget_type=\"text-editor.default\">\n\t\t\t\t<div class=\"elementor-widget-container\">\n\t\t\t\t\t\t\t\t\t<h5 class=\"p1\">Meta:<\/h5><p class=\"p1\">La meta del Centro de Recursos Educativos y Tecnol\u00f3gicos de la Facultad de Estudios Generales es que sea un recurso acad\u00e9mico que sirva de punto de encuentro para iniciativas de investigaci\u00f3n, producci\u00f3n, dise\u00f1o, creaci\u00f3n y desarrollo educativo. De la misma manera, aspiramos a que nuestros servicios sean de la m\u00e1s alta calidad acad\u00e9mica, eficientes y que inspiren confiabilidad por parte de nuestra comunidad.<\/p><h5 class=\"p1\">Objetivos:<\/h5><ol><li class=\"p1\">Mantener informada a la comunidad de la Facultad de Estudios Generales sobre los recursos disponibles en el CRET.<\/li><li class=\"p1\">Mantener informada a la comunidad de la Facultad de Estudios Generales sobre los adelantos tecnol\u00f3gicos relacionados con los procesos educativos.<\/li><li class=\"p1\">Facilitar el uso de materiales, equipos audiovisuales y facilidades f\u00edsicas del Centro a todo el personal de la Facultad de Estudios Generales y estudiantado que los soliciten.<\/li><li class=\"p1\">Ofrecer asesoramiento y orientaci\u00f3n a todo el personal de la Facultad de Estudios Generales en la creaci\u00f3n, dise\u00f1o, producci\u00f3n y uso de los recursos tecnol\u00f3gicos para enriquecer los programas de estudios y otras actividades relacionadas.<\/li><li class=\"p1\">Fomentar entre los profesores de la Facultad un mayor y mejor uso de los recursos disponibles en el Centro con el fin de mejorar el proceso de ense\u00f1anza-aprendizaje.<\/li><li class=\"p1\">Mantenerse a la vanguardia tecnol\u00f3gica en la creaci\u00f3n, dise\u00f1o y producci\u00f3n de materiales que respondan a las necesidades de la Facultad.<\/li><li class=\"p1\">Desarrollar un programa de talleres para el personal docente y no docente de la Facultad para adiestrarle y capacitarle en el uso de la programaci\u00f3n relacionada a la tecnolog\u00eda.<\/li><li class=\"p1\">Mantener al d\u00eda el inventario de los materiales educativos y equipos existentes y establecer normas para la circulaci\u00f3n de \u00e9stos.<\/li><li class=\"p1\">Producir materiales educativos que respondan al curr\u00edculo de los departamentos y programas de la Facultad.<\/li><li class=\"p1\">Crear, dise\u00f1ar y producir materiales de divulgaci\u00f3n dirigidos a estimular la participaci\u00f3n de los estudiantes, profesores y personal no docente en las actividades educativas, culturales y sociales auspiciadas por la Facultad.<\/li><li class=\"p1\">Dar a conocer los programas y servicios que ofrecen las diferentes unidades que componen la Facultad de Estudios Generales.<\/li><li class=\"p1\">Promocionar la disponibilidad limitada de recursos, materiales, equipo y facilidades f\u00edsicas del CRET fuera de nuestra Facultad.<\/li><\/ol>\t\t\t\t\t\t\t\t<\/div>\n\t\t\t\t<\/div>\n\t\t\t\t\t<\/div>\n\t\t<\/div>\n\t\t\t\t\t<\/div>\n\t\t<\/section>\n\t\t\t\t<\/div>\n\t\t","protected":false},"excerpt":{"rendered":"<p>Meta: La meta del Centro de Recursos Educativos y Tecnol\u00f3gicos de la Facultad de Estudios Generales es que sea un recurso acad\u00e9mico que sirva de punto de encuentro para iniciativas de investigaci\u00f3n, producci\u00f3n, dise\u00f1o, creaci\u00f3n y desarrollo educativo. De la &hellip; <\/p>\n","protected":false},"author":11,"featured_media":0,"parent":0,"menu_order":0,"comment_status":"closed","ping_status":"closed","template":"","meta":{"footnotes":""},"class_list":["post-18722","page","type-page","status-publish","hentry"],"_links":{"self":[{"href":"https:\/\/generales.uprrp.edu\/cret\/wp-json\/wp\/v2\/pages\/18722","targetHints":{"allow":["GET"]}}],"collection":[{"href":"https:\/\/generales.uprrp.edu\/cret\/wp-json\/wp\/v2\/pages"}],"about":[{"href":"https:\/\/generales.uprrp.edu\/cret\/wp-json\/wp\/v2\/types\/page"}],"author":[{"embeddable":true,"href":"https:\/\/generales.uprrp.edu\/cret\/wp-json\/wp\/v2\/users\/11"}],"replies":[{"embeddable":true,"href":"https:\/\/generales.uprrp.edu\/cret\/wp-json\/wp\/v2\/comments?post=18722"}],"version-history":[{"count":5,"href":"https:\/\/generales.uprrp.edu\/cret\/wp-json\/wp\/v2\/pages\/18722\/revisions"}],"predecessor-version":[{"id":18740,"href":"https:\/\/generales.uprrp.edu\/cret\/wp-json\/wp\/v2\/pages\/18722\/revisions\/18740"}],"wp:attachment":[{"href":"https:\/\/generales.uprrp.edu\/cret\/wp-json\/wp\/v2\/media?parent=18722"}],"curies":[{"name":"wp","href":"https:\/\/api.w.org\/{rel}","templated":true}]}}