{"id":1903,"date":"2023-05-11T14:14:58","date_gmt":"2023-05-11T14:14:58","guid":{"rendered":"https:\/\/generales.uprrp.edu\/programa-mujer-genero\/?page_id=1903"},"modified":"2025-02-04T19:54:36","modified_gmt":"2025-02-04T19:54:36","slug":"para-solicitar","status":"publish","type":"page","link":"https:\/\/generales.uprrp.edu\/concentracion-mujer-genero\/para-solicitar\/","title":{"rendered":"Para solicitar"},"content":{"rendered":"<p><strong>FAVOR LEER ESTAS INSTRUCCIONES ANTES DE LLENAR\u00a0LA SOLICITUD:<\/strong><\/p>\n<p><strong>Requisitos<\/strong><strong>\u00a0de la Concentraci\u00f3n Menor:<\/strong><\/p>\n<ul>\n<li>Estudiantes en programas de bachillerato de 4 a\u00f1os, tendr\u00e1n 6 a\u00f1os para completar el grado y la Concentraci\u00f3n Menor.<\/li>\n<li>Estudiantes en programas de bachillerato de 5 a\u00f1os, tendr\u00e1n 7.5 a\u00f1os para completar el grado y la Concentraci\u00f3n Menor.\n<ol>\n<li>Requerir\u00e1 15 cr\u00e9ditos.<\/li>\n<li>Ninguno de los cursos de la Concentraci\u00f3n Menor ser\u00e1 susceptible al doble conteo para completar la concentraci\u00f3n (\u201cmajor\u201d).<\/li>\n<li>Se pueden utilizar las electivas libres de la concentraci\u00f3n (\u201cmajor\u201d) en el que est\u00e1 oficialmente clasificado el estudiante para completar la Concentraci\u00f3n Menor.<\/li>\n<li>El momento para solicitar debe ser en o antes de alcanzar el 50 por ciento de los cr\u00e9ditos en el que est\u00e1 clasificado el estudiante.<\/li>\n<li>Es requisito tener un promedio de 3.00 o m\u00e1s para ser admitide en la Concentraci\u00f3n Menor.<\/li>\n<\/ol>\n<\/li>\n<li>Este formulario tiene un costo de $1.35 pagadero en esta solicitud.<\/li>\n<li>Este formulario solamente aplica a estudiantes activos subgraduados del Recinto de R\u00edo Piedras.<\/li>\n<li>Si no est\u00e1 estudiando actualmente, debe llenar el formulario de Readmisi\u00f3n.<br \/>\n<a href=\"https:\/\/generales.uprrp.edu\/programa-bachillerato\/wp-content\/uploads\/sites\/9\/2022\/02\/FORMULARIO-CONCENTRACION-MENOR.pdf\" target=\"_blank\" rel=\"noopener\">Llenar solicitud<\/a><\/li>\n<\/ul>\n<p>Puede comunicarse a la Oficina del Registrador con Carmen Pol al correo electr\u00f3nico (<a href=\"mailto:carmen.pol1@upr.edu\" target=\"_blank\" rel=\"noopener\">carmen.pol1@upr.edu<\/a>)\u00a0para aclarar cualquier duda.<\/p>\n<p>La oferta acad\u00e9mica aparece en l\u00ednea cada semestre en la p\u00e1gina del Registrador, bajo la Facultad de Estudios Generales, as\u00ed como en la p\u00e1gina de Estudios de la Mujer y G\u00e9nero y en nuestra p\u00e1gina de Instagram (<a href=\"https:\/\/www.instagram.com\/mujer.genero.uprrp\/\" target=\"_blank\" rel=\"noopener\">@mujer.genero.uprrp<\/a>).<\/p>\n<p>Los procesos de solicitud demoran un semestre, por lo cual debe solicitar antes de la fecha l\u00edmite del semestre anterior al cual su aceptaci\u00f3n entrar\u00eda en vigencia.<\/p>\n","protected":false},"excerpt":{"rendered":"<p>FAVOR LEER ESTAS INSTRUCCIONES ANTES DE LLENAR\u00a0LA SOLICITUD: Requisitos\u00a0de la Concentraci\u00f3n Menor: Estudiantes en programas de bachillerato de 4 a\u00f1os, tendr\u00e1n 6 a\u00f1os para completar el grado y la Concentraci\u00f3n Menor. Estudiantes en programas de bachillerato de 5 a\u00f1os, tendr\u00e1n 7.5 a\u00f1os para completar el grado y la Concentraci\u00f3n Menor. Requerir\u00e1 15 cr\u00e9ditos. Ninguno de<\/p>\n","protected":false},"author":11,"featured_media":0,"parent":0,"menu_order":0,"comment_status":"closed","ping_status":"closed","template":"","meta":{"footnotes":""},"class_list":["post-1903","page","type-page","status-publish"],"_links":{"self":[{"href":"https:\/\/generales.uprrp.edu\/concentracion-mujer-genero\/wp-json\/wp\/v2\/pages\/1903","targetHints":{"allow":["GET"]}}],"collection":[{"href":"https:\/\/generales.uprrp.edu\/concentracion-mujer-genero\/wp-json\/wp\/v2\/pages"}],"about":[{"href":"https:\/\/generales.uprrp.edu\/concentracion-mujer-genero\/wp-json\/wp\/v2\/types\/page"}],"author":[{"embeddable":true,"href":"https:\/\/generales.uprrp.edu\/concentracion-mujer-genero\/wp-json\/wp\/v2\/users\/11"}],"replies":[{"embeddable":true,"href":"https:\/\/generales.uprrp.edu\/concentracion-mujer-genero\/wp-json\/wp\/v2\/comments?post=1903"}],"version-history":[{"count":6,"href":"https:\/\/generales.uprrp.edu\/concentracion-mujer-genero\/wp-json\/wp\/v2\/pages\/1903\/revisions"}],"predecessor-version":[{"id":2061,"href":"https:\/\/generales.uprrp.edu\/concentracion-mujer-genero\/wp-json\/wp\/v2\/pages\/1903\/revisions\/2061"}],"wp:attachment":[{"href":"https:\/\/generales.uprrp.edu\/concentracion-mujer-genero\/wp-json\/wp\/v2\/media?parent=1903"}],"curies":[{"name":"wp","href":"https:\/\/api.w.org\/{rel}","templated":true}]}}