{"id":2399,"date":"2023-11-27T18:24:58","date_gmt":"2023-11-27T18:24:58","guid":{"rendered":"https:\/\/generales.uprrp.edu\/competencias-linguisticas\/?page_id=2399"},"modified":"2024-05-30T12:56:07","modified_gmt":"2024-05-30T12:56:07","slug":"podcast-xlingues","status":"publish","type":"page","link":"https:\/\/generales.uprrp.edu\/competencias-linguisticas\/podcast-xlingues\/","title":{"rendered":"Podcast Xling\u00fces"},"content":{"rendered":"<ul>\n<li><a href=\"https:\/\/open.spotify.com\/episode\/4Gn2oyHZoS5RrFTklCtuKu?si=c69023d01fec4f52\" target=\"_blank\" rel=\"noopener\">Xling\u00fces &#8211; Introducci\u00f3n<\/a><\/li>\n<li><a style=\"font-size: 14px;\" href=\"https:\/\/open.spotify.com\/episode\/4OnoaS0n2YSlK8DrKoB5eT?si=f49add0123414bf8\" target=\"_blank\" rel=\"noopener\">Episodio 1 &#8211; Reglas b\u00e1sicas de acentuaci\u00f3n<\/a><\/li>\n<li><a style=\"font-size: 14px;\" href=\"https:\/\/open.spotify.com\/episode\/4KjzP04umguj2HzAFuNzQ8?si=33365eb11c044f78\" target=\"_blank\" rel=\"noopener\">Episodio 2 &#8211; Acentuaci\u00f3n en casos especiales<\/a><\/li>\n<li><a style=\"font-size: 14px;\" href=\"https:\/\/open.spotify.com\/episode\/23ZNHmqctOPj6ThlHXk3BA?si=ce0750d2247441c1\" target=\"_blank\" rel=\"noopener\">Episodio 3 &#8211; Critical Thinking<\/a><\/li>\n<li><a style=\"font-size: 14px;\" href=\"https:\/\/open.spotify.com\/episode\/7f7N63QEP3NFlQwU0qwKTu?si=48f28f79d5eb449b\" target=\"_blank\" rel=\"noopener\">Episodio 4 &#8211; Comodines del lenguaje<\/a><\/li>\n<li><a style=\"font-size: 14px;\" href=\"https:\/\/open.spotify.com\/episode\/23FIOuRaJrSGzeO92NvFJk?si=3dc42c36ce5141ad\" target=\"_blank\" rel=\"noopener\">Episodio 5 &#8211; Palabras clave<\/a><\/li>\n<li><a style=\"font-size: 14px;\" href=\"https:\/\/open.spotify.com\/episode\/1AIOywBE7Q9SpHQYB38qcY?si=e3e0837ffdfe4502\" target=\"_blank\" rel=\"noopener\">Episodio 6 &#8211; El gerundio<\/a><\/li>\n<li><a style=\"font-size: 14px;\" href=\"https:\/\/open.spotify.com\/episode\/0DWjVrjPBuyMAgfbps1d8z?si=518e1e6b49094ebd\" target=\"_blank\" rel=\"noopener\">Episodio 7 &#8211; Estructura de una oraci\u00f3n completa<\/a><\/li>\n<li><a style=\"font-size: 14px;\" href=\"https:\/\/open.spotify.com\/episode\/1xXtLi8zLbVP95qJ4a9Pxa?si=f6b260497eed4a5a\" target=\"_blank\" rel=\"noopener\">Episodio 8 &#8211; Voz activa<\/a><\/li>\n<li><a style=\"font-size: 14px;\" href=\"https:\/\/open.spotify.com\/episode\/5nmWsN4twvDPlUo41xikvI?si=84ade5855e57477f\" target=\"_blank\" rel=\"noopener\">Episodio 9 &#8211; Annotated Bibliography<\/a><\/li>\n<li><a style=\"font-size: 14px;\" href=\"https:\/\/open.spotify.com\/episode\/7tVF4St7N0yD12buWrBtF6?si=a5101021c46446aa\" target=\"_blank\" rel=\"noopener\">Episodio 10 &#8211; Pensamiento Cr\u00edtico<\/a><\/li>\n<li><a style=\"font-size: 14px;\" href=\"https:\/\/open.spotify.com\/episode\/1MAUYNhE1L3eDMBEEs7x5I?si=83e3de9405ce4d26\" target=\"_blank\" rel=\"noopener\">Episodio 11 &#8211; \u00bfQu\u00e9 investigar?<\/a><\/li>\n<li><a style=\"font-size: 14px;\" href=\"https:\/\/open.spotify.com\/episode\/7alY0Sm2mTUkrXoaxmuRg1?si=fd2947aa50ab421f\" target=\"_blank\" rel=\"noopener\">Episodio 12 &#8211; An\u00e1lisis de textos literarios<\/a><\/li>\n<li><a style=\"font-size: 14px;\" href=\"https:\/\/open.spotify.com\/episode\/64y77wk9VMoTQT4Ws95Xys?si=5c5d68b74d43452a\" target=\"_blank\" rel=\"noopener\">Episodio 13 &#8211; Resume<\/a><\/li>\n<li><a style=\"font-size: 14px;\" href=\"https:\/\/open.spotify.com\/episode\/5lDOVFpoBygRRzGPDuODXY?si=1efd0d02d6024b30\" target=\"_blank\" rel=\"noopener\">Episodio 14 &#8211; T\u00e9cnicas para tomar apuntes en clase<\/a><\/li>\n<li><a style=\"font-size: 14px;\" href=\"https:\/\/open.spotify.com\/episode\/5mJxt53S7E1SRSEQpAKRsT?si=43d15b375e194a6f\" target=\"_blank\" rel=\"noopener\">Episodio 15 &#8211; Etiqueta en los correos electr\u00f3nicos<\/a><\/li>\n<li><a style=\"font-size: 14px;\" href=\"https:\/\/open.spotify.com\/episode\/3elgmWdIyVmW1lLppg6dQY?si=aec73a46cf7c45c8\" target=\"_blank\" rel=\"noopener\">Episodio 16 &#8211; El arte de un gancho atractivo<\/a><\/li>\n<li><a style=\"font-size: 14px;\" href=\"https:\/\/open.spotify.com\/episode\/4syzr5cK4PILfyYrYBq5Du?si=1865414cc78e4235\" target=\"_blank\" rel=\"noopener\">Episodio 17 &#8211; El borrador<\/a><\/li>\n<li><a style=\"font-size: 14px;\" href=\"https:\/\/open.spotify.com\/episode\/3XG7gGO1r9OjwXchj2ofHg?si=e921fa9a60a44d9d\" target=\"_blank\" rel=\"noopener\">Episodio 18 &#8211; La lluvia de ideas<\/a><\/li>\n<li><a style=\"font-size: 14px;\" href=\"https:\/\/open.spotify.com\/episode\/5HS1iOch62LDWPavfvMgSF?si=9dd01290ed124e21\" target=\"_blank\" rel=\"noopener\">Episodio 19 &#8211; La rese\u00f1a<\/a><\/li>\n<li><a style=\"font-size: 14px;\" href=\"https:\/\/open.spotify.com\/episode\/0a4tnygtkd0idviNJnh8ro?si=88a5bb1c7f5b4d0b\" target=\"_blank\" rel=\"noopener\">Episodio 20 &#8211; Ansiedad al redactar<\/a><\/li>\n<li><a style=\"font-size: 14px;\" href=\"https:\/\/open.spotify.com\/episode\/2GzbTD30LtYQXTIvmj0HS9?si=9c8b6dc2b91f4c23\" target=\"_blank\" rel=\"noopener\">Episodio 21 &#8211; Falsos amigos<\/a><\/li>\n<li><a style=\"font-size: 14px;\" href=\"https:\/\/open.spotify.com\/episode\/7H3ISZZ5e0m5bQbhbnO2Ae?si=09621bf34f894ea9\" target=\"_blank\" rel=\"noopener\">Episodio 22 &#8211; La monograf\u00eda<\/a><b style=\"font-size: 14px; color: var(--body-color, var(--c-contrast-700));\">\u00a0<\/b><\/li>\n<\/ul>\n","protected":false},"excerpt":{"rendered":"<p>Xling\u00fces &#8211; Introducci\u00f3n Episodio 1 &#8211; Reglas b\u00e1sicas de acentuaci\u00f3n Episodio 2 &#8211; Acentuaci\u00f3n en casos especiales Episodio 3 &#8211; Critical Thinking Episodio 4 &#8211; Comodines del lenguaje Episodio 5 &#8211; Palabras clave Episodio 6 &#8211; El gerundio Episodio 7 &#8211; Estructura de una oraci\u00f3n completa Episodio 8 &#8211; Voz activa Episodio 9 &#8211; Annotated<\/p>\n","protected":false},"author":11,"featured_media":0,"parent":0,"menu_order":0,"comment_status":"closed","ping_status":"closed","template":"","meta":{"footnotes":""},"class_list":["post-2399","page","type-page","status-publish"],"amp_enabled":true,"_links":{"self":[{"href":"https:\/\/generales.uprrp.edu\/competencias-linguisticas\/wp-json\/wp\/v2\/pages\/2399","targetHints":{"allow":["GET"]}}],"collection":[{"href":"https:\/\/generales.uprrp.edu\/competencias-linguisticas\/wp-json\/wp\/v2\/pages"}],"about":[{"href":"https:\/\/generales.uprrp.edu\/competencias-linguisticas\/wp-json\/wp\/v2\/types\/page"}],"author":[{"embeddable":true,"href":"https:\/\/generales.uprrp.edu\/competencias-linguisticas\/wp-json\/wp\/v2\/users\/11"}],"replies":[{"embeddable":true,"href":"https:\/\/generales.uprrp.edu\/competencias-linguisticas\/wp-json\/wp\/v2\/comments?post=2399"}],"version-history":[{"count":8,"href":"https:\/\/generales.uprrp.edu\/competencias-linguisticas\/wp-json\/wp\/v2\/pages\/2399\/revisions"}],"predecessor-version":[{"id":2441,"href":"https:\/\/generales.uprrp.edu\/competencias-linguisticas\/wp-json\/wp\/v2\/pages\/2399\/revisions\/2441"}],"wp:attachment":[{"href":"https:\/\/generales.uprrp.edu\/competencias-linguisticas\/wp-json\/wp\/v2\/media?parent=2399"}],"curies":[{"name":"wp","href":"https:\/\/api.w.org\/{rel}","templated":true}]}}