{"id":451,"date":"2021-05-28T19:38:21","date_gmt":"2021-05-28T19:38:21","guid":{"rendered":"https:\/\/generales.uprrp.edu\/inim\/?page_id=451"},"modified":"2025-02-11T13:15:31","modified_gmt":"2025-02-11T13:15:31","slug":"otros-ofrecimientos","status":"publish","type":"page","link":"https:\/\/generales.uprrp.edu\/cisim\/otros-ofrecimientos\/","title":{"rendered":"Otros Ofrecimientos"},"content":{"rendered":"<ul>\n<li>Actividades acad\u00e9micas, culturales, comunitarias y educativas.<\/li>\n<li>Servicios de transportaci\u00f3n a grupos de estudiantes o investigadores que est\u00e9n participando en alguno de nuestros programas u ofrecimientos o que est\u00e9n participando en alguna actividad o programa que se est\u00e9 llevando a cabo en el Recinto de R\u00edo Piedras.<\/li>\n<li>Hospedaje a estudiantes, investigadores o grupos que est\u00e9n participando en alguna actividad desarrollada en la UPRRP<\/li>\n<li>Cursos ESGE 3995 con diferentes tem\u00e1ticas que incluyen viajes acad\u00e9micos<\/li>\n<li>Promociones acad\u00e9micas y culturales<\/li>\n<li>Arrendamientos de espacios de la Universidad, especialmente en la Facultad de Estudios Generales<\/li>\n<\/ul>\n","protected":false},"excerpt":{"rendered":"<p>Actividades acad\u00e9micas, culturales, comunitarias y educativas. Servicios de transportaci\u00f3n a grupos de estudiantes o investigadores que est\u00e9n participando en alguno de nuestros programas u ofrecimientos o que est\u00e9n participando en alguna actividad o programa que se est\u00e9 llevando a cabo en el Recinto de R\u00edo Piedras. Hospedaje a estudiantes, investigadores o grupos que est\u00e9n participando<\/p>\n","protected":false},"author":11,"featured_media":0,"parent":0,"menu_order":0,"comment_status":"closed","ping_status":"closed","template":"","meta":{"footnotes":""},"class_list":["post-451","page","type-page","status-publish"],"amp_enabled":true,"_links":{"self":[{"href":"https:\/\/generales.uprrp.edu\/cisim\/wp-json\/wp\/v2\/pages\/451","targetHints":{"allow":["GET"]}}],"collection":[{"href":"https:\/\/generales.uprrp.edu\/cisim\/wp-json\/wp\/v2\/pages"}],"about":[{"href":"https:\/\/generales.uprrp.edu\/cisim\/wp-json\/wp\/v2\/types\/page"}],"author":[{"embeddable":true,"href":"https:\/\/generales.uprrp.edu\/cisim\/wp-json\/wp\/v2\/users\/11"}],"replies":[{"embeddable":true,"href":"https:\/\/generales.uprrp.edu\/cisim\/wp-json\/wp\/v2\/comments?post=451"}],"version-history":[{"count":4,"href":"https:\/\/generales.uprrp.edu\/cisim\/wp-json\/wp\/v2\/pages\/451\/revisions"}],"predecessor-version":[{"id":682,"href":"https:\/\/generales.uprrp.edu\/cisim\/wp-json\/wp\/v2\/pages\/451\/revisions\/682"}],"wp:attachment":[{"href":"https:\/\/generales.uprrp.edu\/cisim\/wp-json\/wp\/v2\/media?parent=451"}],"curies":[{"name":"wp","href":"https:\/\/api.w.org\/{rel}","templated":true}]}}