{"id":19,"date":"2016-04-07T16:59:16","date_gmt":"2016-04-07T16:59:16","guid":{"rendered":"http:\/\/generalesdv.uprrp.edu\/ciencias-sociales\/?page_id=19"},"modified":"2023-05-31T15:42:04","modified_gmt":"2023-05-31T15:42:04","slug":"departamento","status":"publish","type":"page","link":"https:\/\/generales.uprrp.edu\/ciencias-sociales\/","title":{"rendered":"Departamento"},"content":{"rendered":"<p align=\"justify\"><img loading=\"lazy\" decoding=\"async\" class=\"wp-image-137 alignleft\" src=\"https:\/\/generales.uprrp.edu\/ciencias-sociales\/wp-content\/uploads\/sites\/6\/2018\/05\/unnamed-e1526672874964-300x156.jpg\" alt=\"\" width=\"368\" height=\"191\" \/><\/p>\n<h5 align=\"justify\">Creado en 1949, el Departamento de Ciencias Sociales ofrece los cursos del componente de Educaci\u00f3n General, cuyos objetivos buscan la integraci\u00f3n del conocimiento de las ciencias sociales a las experiencias de vida los y las estudiantes, promoviendo una actitud cr\u00edtica y un pensamiento aut\u00f3nomo. El Departamento est\u00e1 involucrado en proyectos tales como el Simposio de Investigaci\u00f3n Social Estudiantil, Estudios en Afrodescendencia, Estudio de las Adicciones y Aval\u00fao. Sus profesores, de formaci\u00f3n diversa, realizan investigaciones en distintos \u00e1mbitos de las ciencias sociales.<\/h5>\n","protected":false},"excerpt":{"rendered":"<p>Creado en 1949, el Departamento de Ciencias Sociales ofrece los cursos del componente de Educaci\u00f3n General, cuyos objetivos buscan la integraci\u00f3n del conocimiento de las ciencias sociales a las experiencias de vida los y las estudiantes, promoviendo una actitud cr\u00edtica y un pensamiento aut\u00f3nomo. El Departamento est\u00e1 involucrado en proyectos tales como el Simposio de<\/p>\n","protected":false},"author":2,"featured_media":0,"parent":0,"menu_order":0,"comment_status":"closed","ping_status":"closed","template":"page-blocks.php","meta":{"footnotes":""},"class_list":["post-19","page","type-page","status-publish"],"_links":{"self":[{"href":"https:\/\/generales.uprrp.edu\/ciencias-sociales\/wp-json\/wp\/v2\/pages\/19","targetHints":{"allow":["GET"]}}],"collection":[{"href":"https:\/\/generales.uprrp.edu\/ciencias-sociales\/wp-json\/wp\/v2\/pages"}],"about":[{"href":"https:\/\/generales.uprrp.edu\/ciencias-sociales\/wp-json\/wp\/v2\/types\/page"}],"author":[{"embeddable":true,"href":"https:\/\/generales.uprrp.edu\/ciencias-sociales\/wp-json\/wp\/v2\/users\/2"}],"replies":[{"embeddable":true,"href":"https:\/\/generales.uprrp.edu\/ciencias-sociales\/wp-json\/wp\/v2\/comments?post=19"}],"version-history":[{"count":12,"href":"https:\/\/generales.uprrp.edu\/ciencias-sociales\/wp-json\/wp\/v2\/pages\/19\/revisions"}],"predecessor-version":[{"id":350,"href":"https:\/\/generales.uprrp.edu\/ciencias-sociales\/wp-json\/wp\/v2\/pages\/19\/revisions\/350"}],"wp:attachment":[{"href":"https:\/\/generales.uprrp.edu\/ciencias-sociales\/wp-json\/wp\/v2\/media?parent=19"}],"curies":[{"name":"wp","href":"https:\/\/api.w.org\/{rel}","templated":true}]}}