{"id":229,"date":"2019-08-06T13:56:20","date_gmt":"2019-08-06T13:56:20","guid":{"rendered":"http:\/\/generales.uprrp.edu\/ciencias-biologicas\/?page_id=229"},"modified":"2019-08-06T14:35:41","modified_gmt":"2019-08-06T14:35:41","slug":"avaluo-competencias-de-informacion-cibi","status":"publish","type":"page","link":"https:\/\/generales.uprrp.edu\/ciencias-biologicas\/avaluo-competencias-de-informacion-cibi\/","title":{"rendered":"Aval\u00fao competencias de informaci\u00f3n CIBI"},"content":{"rendered":"<ul>\n<li><a href=\"https:\/\/generales.uprrp.edu\/ciencias-biologicas\/competencias-de-informacion-cibi-2017-18\/\">A\u00f1o acad\u00e9mico 2017-18<\/a><\/li>\n<li>A\u00f1o acad\u00e9mico 2018-19<\/li>\n<\/ul>\n","protected":false},"excerpt":{"rendered":"<p>A\u00f1o acad\u00e9mico 2017-18 A\u00f1o acad\u00e9mico 2018-19<\/p>\n","protected":false},"author":11,"featured_media":0,"parent":0,"menu_order":0,"comment_status":"closed","ping_status":"closed","template":"","meta":{"footnotes":""},"class_list":["post-229","page","type-page","status-publish"],"amp_enabled":true,"_links":{"self":[{"href":"https:\/\/generales.uprrp.edu\/ciencias-biologicas\/wp-json\/wp\/v2\/pages\/229","targetHints":{"allow":["GET"]}}],"collection":[{"href":"https:\/\/generales.uprrp.edu\/ciencias-biologicas\/wp-json\/wp\/v2\/pages"}],"about":[{"href":"https:\/\/generales.uprrp.edu\/ciencias-biologicas\/wp-json\/wp\/v2\/types\/page"}],"author":[{"embeddable":true,"href":"https:\/\/generales.uprrp.edu\/ciencias-biologicas\/wp-json\/wp\/v2\/users\/11"}],"replies":[{"embeddable":true,"href":"https:\/\/generales.uprrp.edu\/ciencias-biologicas\/wp-json\/wp\/v2\/comments?post=229"}],"version-history":[{"count":2,"href":"https:\/\/generales.uprrp.edu\/ciencias-biologicas\/wp-json\/wp\/v2\/pages\/229\/revisions"}],"predecessor-version":[{"id":239,"href":"https:\/\/generales.uprrp.edu\/ciencias-biologicas\/wp-json\/wp\/v2\/pages\/229\/revisions\/239"}],"wp:attachment":[{"href":"https:\/\/generales.uprrp.edu\/ciencias-biologicas\/wp-json\/wp\/v2\/media?parent=229"}],"curies":[{"name":"wp","href":"https:\/\/api.w.org\/{rel}","templated":true}]}}