{"id":15,"date":"2017-12-28T21:10:06","date_gmt":"2017-12-28T21:10:06","guid":{"rendered":"http:\/\/generales.uprrp.edu\/biblioteca\/?page_id=15"},"modified":"2020-09-03T19:57:27","modified_gmt":"2020-09-03T19:57:27","slug":"tutoriales-biblioteca","status":"publish","type":"page","link":"https:\/\/generales.uprrp.edu\/biblioteca\/tutoriales-biblioteca\/","title":{"rendered":"Tutoriales"},"content":{"rendered":"<ul>\n<li><a href=\"https:\/\/generales.uprrp.edu\/biblioteca\/wp-content\/uploads\/sites\/18\/2020\/08\/Cata\u0301logo-en-Linea.pdf\" target=\"_blank\" rel=\"noopener noreferrer\">Identificando los libros de la biblioteca: el cat\u00e1logo en l\u00ednea<\/a><\/li>\n<li><a href=\"https:\/\/forms.gle\/4kKDEmv6Y6ducJsC9\" target=\"_blank\" rel=\"noopener noreferrer\"><em>Prueba cat\u00e1logo en l\u00ednea<\/em><\/a><\/li>\n<li><a href=\"https:\/\/generales.uprrp.edu\/biblioteca\/wp-content\/uploads\/sites\/18\/2020\/08\/Bases-de-datos-del-Sistema-de-Bibliotecas.pdf\" target=\"_blank\" rel=\"noopener noreferrer\">Recursos de informaci\u00f3n confiables: las bases de datos<\/a><\/li>\n<li><a href=\"https:\/\/forms.gle\/XDP3XBDZM5qtSyhW9\" target=\"_blank\" rel=\"noopener noreferrer\"><em>Prueba sobre bases de datos<\/em><\/a><\/li>\n<li>El internet y la investigaci\u00f3n acad\u00e9mica (pronto)<\/li>\n<li><a href=\"https:\/\/generales.uprrp.edu\/wp-content\/uploads\/2020\/08\/Manual-de-estilo-APA-rev-2020.pdf\" target=\"_blank\" rel=\"noopener noreferrer\">El manual de estilo APA y el plagio<\/a><\/li>\n<li><a href=\"http:\/\/136.145.180.117\/node\/28\" target=\"_blank\" rel=\"noopener noreferrer\"><em>Prueba APA<\/em><\/a><\/li>\n<li><a href=\"https:\/\/generales.uprrp.edu\/wp-content\/uploads\/2020\/08\/2016-MLA-en-espan\u0303ol.pdf\" target=\"_blank\" rel=\"noopener noreferrer\">El manual de estilo MLA y el plagio<\/a><\/li>\n<li><em><a href=\"http:\/\/136.145.180.117\/node\/17\" target=\"_blank\" rel=\"noopener noreferrer\">Prueba MLA<\/a><\/em><\/li>\n<\/ul>\n<p><strong>English<\/strong><\/p>\n<ul>\n<li><a href=\"https:\/\/generales.uprrp.edu\/wp-content\/uploads\/2020\/08\/2016-MLA-Style-Manual.pdf\" target=\"_blank\" rel=\"noopener noreferrer\">MLA Style Manual<\/a><\/li>\n<li><a href=\"http:\/\/136.145.180.117\/EnglishMLAQuiz\" target=\"_blank\" rel=\"noopener noreferrer\"><em>MLA Quiz<\/em><\/a><\/li>\n<\/ul>\n<p><a href=\"https:\/\/generales.uprrp.edu\/wp-content\/uploads\/2020\/08\/Instrucciones-para-acceder-a-la-prueba-quiz.pdf\" target=\"_blank\" rel=\"noopener noreferrer\"><strong>INSTRUCCIONES PARA ACCEDER A LAS PRUEBAS (QUIZZES)<\/strong><\/a><\/p>\n","protected":false},"excerpt":{"rendered":"<p>Identificando los libros de la biblioteca: el cat\u00e1logo en l\u00ednea Prueba cat\u00e1logo en l\u00ednea Recursos de informaci\u00f3n confiables: las bases de datos Prueba sobre bases de datos El internet y &hellip; <\/p>\n","protected":false},"author":2,"featured_media":0,"parent":0,"menu_order":0,"comment_status":"closed","ping_status":"closed","template":"","meta":{"pmpro_default_level":"","footnotes":""},"class_list":["post-15","page","type-page","status-publish","hentry","pmpro-has-access"],"_links":{"self":[{"href":"https:\/\/generales.uprrp.edu\/biblioteca\/wp-json\/wp\/v2\/pages\/15","targetHints":{"allow":["GET"]}}],"collection":[{"href":"https:\/\/generales.uprrp.edu\/biblioteca\/wp-json\/wp\/v2\/pages"}],"about":[{"href":"https:\/\/generales.uprrp.edu\/biblioteca\/wp-json\/wp\/v2\/types\/page"}],"author":[{"embeddable":true,"href":"https:\/\/generales.uprrp.edu\/biblioteca\/wp-json\/wp\/v2\/users\/2"}],"replies":[{"embeddable":true,"href":"https:\/\/generales.uprrp.edu\/biblioteca\/wp-json\/wp\/v2\/comments?post=15"}],"version-history":[{"count":17,"href":"https:\/\/generales.uprrp.edu\/biblioteca\/wp-json\/wp\/v2\/pages\/15\/revisions"}],"predecessor-version":[{"id":63,"href":"https:\/\/generales.uprrp.edu\/biblioteca\/wp-json\/wp\/v2\/pages\/15\/revisions\/63"}],"wp:attachment":[{"href":"https:\/\/generales.uprrp.edu\/biblioteca\/wp-json\/wp\/v2\/media?parent=15"}],"curies":[{"name":"wp","href":"https:\/\/api.w.org\/{rel}","templated":true}]}}