{"id":103,"date":"2021-05-17T14:44:55","date_gmt":"2021-05-17T14:44:55","guid":{"rendered":"https:\/\/generales.uprrp.edu\/biblioteca\/?page_id=103"},"modified":"2025-09-19T20:06:12","modified_gmt":"2025-09-19T20:06:12","slug":"contactos","status":"publish","type":"page","link":"https:\/\/generales.uprrp.edu\/biblioteca\/contactos\/","title":{"rendered":"Contactos"},"content":{"rendered":"\t\t<div data-elementor-type=\"wp-page\" data-elementor-id=\"103\" class=\"elementor elementor-103\">\n\t\t\t\t\t\t<section class=\"elementor-section elementor-top-section elementor-element elementor-element-de2bc69 elementor-section-boxed elementor-section-height-default elementor-section-height-default\" data-id=\"de2bc69\" data-element_type=\"section\" data-e-type=\"section\">\n\t\t\t\t\t\t<div class=\"elementor-container elementor-column-gap-default\">\n\t\t\t\t\t<div class=\"elementor-column elementor-col-50 elementor-top-column elementor-element elementor-element-2b0a36f\" data-id=\"2b0a36f\" data-element_type=\"column\" data-e-type=\"column\">\n\t\t\t<div class=\"elementor-widget-wrap elementor-element-populated\">\n\t\t\t\t\t\t<div class=\"elementor-element elementor-element-bfbd3be elementor-widget elementor-widget-text-editor\" data-id=\"bfbd3be\" data-element_type=\"widget\" data-e-type=\"widget\" data-widget_type=\"text-editor.default\">\n\t\t\t\t<div class=\"elementor-widget-container\">\n\t\t\t\t\t\t\t\t\t<p><strong>Personal Administrativo<\/strong><\/p><p>Dra. Nancy Abreu B\u00e1ez<br \/>Directora Interina<br \/>nancy.abreu1@upr.edu<br \/>ext. 85949<\/p><p>Sra. Lilliam Cordero Brana, MIS<br \/>Bibliotecaria III<br \/>lilliam.cordero@upr.edu<br \/>ext. 85943<\/p><p>Sr. Jos\u00e9 Hern\u00e1ndez Rold\u00e1n<br \/>Bibliotecario<br \/>\u00c1rea de personas con impedimentos<br \/>jose.hernandez38@upr.edu<br \/>ext. 85941<\/p>\t\t\t\t\t\t\t\t<\/div>\n\t\t\t\t<\/div>\n\t\t\t\t\t<\/div>\n\t\t<\/div>\n\t\t\t\t<div class=\"elementor-column elementor-col-50 elementor-top-column elementor-element elementor-element-72f28ba\" data-id=\"72f28ba\" data-element_type=\"column\" data-e-type=\"column\">\n\t\t\t<div class=\"elementor-widget-wrap elementor-element-populated\">\n\t\t\t\t\t\t<div class=\"elementor-element elementor-element-fa7f452 elementor-widget elementor-widget-text-editor\" data-id=\"fa7f452\" data-element_type=\"widget\" data-e-type=\"widget\" data-widget_type=\"text-editor.default\">\n\t\t\t\t<div class=\"elementor-widget-container\">\n\t\t\t\t\t\t\t\t\t<p><strong>Horario<\/strong><br \/>L-V 8:00 a.m. a 4:00 p.m.<\/p><p><strong>Ubicaci\u00f3n<\/strong><br \/>Edif. Domingo Marrero Navarro<br \/>Primer Piso<\/p>\t\t\t\t\t\t\t\t<\/div>\n\t\t\t\t<\/div>\n\t\t\t\t\t<\/div>\n\t\t<\/div>\n\t\t\t\t\t<\/div>\n\t\t<\/section>\n\t\t\t\t<\/div>\n\t\t","protected":false},"excerpt":{"rendered":"<p>Personal Administrativo Dra. Nancy Abreu B\u00e1ezDirectora Interinanancy.abreu1@upr.eduext. 85949 Sra. Lilliam Cordero Brana, MISBibliotecaria IIIlilliam.cordero@upr.eduext. 85943 Sr. Jos\u00e9 Hern\u00e1ndez Rold\u00e1nBibliotecario\u00c1rea de personas con impedimentosjose.hernandez38@upr.eduext. 85941 HorarioL-V 8:00 a.m. a 4:00 p.m. &hellip; <\/p>\n","protected":false},"author":11,"featured_media":0,"parent":0,"menu_order":0,"comment_status":"closed","ping_status":"closed","template":"","meta":{"pmpro_default_level":"","footnotes":""},"class_list":["post-103","page","type-page","status-publish","hentry","pmpro-has-access"],"_links":{"self":[{"href":"https:\/\/generales.uprrp.edu\/biblioteca\/wp-json\/wp\/v2\/pages\/103","targetHints":{"allow":["GET"]}}],"collection":[{"href":"https:\/\/generales.uprrp.edu\/biblioteca\/wp-json\/wp\/v2\/pages"}],"about":[{"href":"https:\/\/generales.uprrp.edu\/biblioteca\/wp-json\/wp\/v2\/types\/page"}],"author":[{"embeddable":true,"href":"https:\/\/generales.uprrp.edu\/biblioteca\/wp-json\/wp\/v2\/users\/11"}],"replies":[{"embeddable":true,"href":"https:\/\/generales.uprrp.edu\/biblioteca\/wp-json\/wp\/v2\/comments?post=103"}],"version-history":[{"count":11,"href":"https:\/\/generales.uprrp.edu\/biblioteca\/wp-json\/wp\/v2\/pages\/103\/revisions"}],"predecessor-version":[{"id":297,"href":"https:\/\/generales.uprrp.edu\/biblioteca\/wp-json\/wp\/v2\/pages\/103\/revisions\/297"}],"wp:attachment":[{"href":"https:\/\/generales.uprrp.edu\/biblioteca\/wp-json\/wp\/v2\/media?parent=103"}],"curies":[{"name":"wp","href":"https:\/\/api.w.org\/{rel}","templated":true}]}}