{"id":759,"date":"2023-05-23T14:12:30","date_gmt":"2023-05-23T14:12:30","guid":{"rendered":"https:\/\/generales.uprrp.edu\/programa-bachillerato\/?page_id=759"},"modified":"2025-10-03T15:24:31","modified_gmt":"2025-10-03T15:24:31","slug":"acompanamiento-academico","status":"publish","type":"page","link":"https:\/\/generales.uprrp.edu\/bachillerato\/acompanamiento-academico\/","title":{"rendered":"Proyecto de Acompa\u00f1amiento Acad\u00e9mico (PAA)"},"content":{"rendered":"<p>El <em>Proyecto de Acompa\u00f1amiento Acad\u00e9mico<\/em> (PAA), tiene como objetivo principal apoyar al estudiantado del <span style=\"color: #000000;\"><span class=\"x_ContentPasted1 x_ContentPasted2\">Programa<\/span><\/span> de Bachillerato, para que adquiera destrezas de redacci\u00f3n, investigaci\u00f3n y razonamiento que lo capaciten para su desarrollo como un estudiante de excelencia subgraduado y graduado. \u00a0Las herramientas esenciales de este programa lo son las tutor\u00edas y la asesor\u00eda acad\u00e9mica. La primera poniendo a disposici\u00f3n de nuestros estudiantes los recursos intelectuales necesarios para el desarrollo de las indicadas destrezas y la segunda la proveyendo la orientaci\u00f3n intensiva, respecto a los cursos que deber\u00e1 matricular, semestre tras semestre. \u00a1Un verdadero acompa\u00f1amiento acad\u00e9mico!<\/p>\n","protected":false},"excerpt":{"rendered":"<p>El Proyecto de Acompa\u00f1amiento Acad\u00e9mico (PAA), tiene como objetivo principal apoyar al estudiantado del Programa de Bachillerato, para que adquiera destrezas de redacci\u00f3n, investigaci\u00f3n y razonamiento que lo capaciten para su desarrollo como un estudiante de excelencia subgraduado y graduado. \u00a0Las herramientas esenciales de este programa lo son las tutor\u00edas y la asesor\u00eda acad\u00e9mica. La<\/p>\n","protected":false},"author":11,"featured_media":0,"parent":0,"menu_order":0,"comment_status":"closed","ping_status":"closed","template":"","meta":{"footnotes":""},"class_list":["post-759","page","type-page","status-publish"],"amp_enabled":true,"_links":{"self":[{"href":"https:\/\/generales.uprrp.edu\/bachillerato\/wp-json\/wp\/v2\/pages\/759","targetHints":{"allow":["GET"]}}],"collection":[{"href":"https:\/\/generales.uprrp.edu\/bachillerato\/wp-json\/wp\/v2\/pages"}],"about":[{"href":"https:\/\/generales.uprrp.edu\/bachillerato\/wp-json\/wp\/v2\/types\/page"}],"author":[{"embeddable":true,"href":"https:\/\/generales.uprrp.edu\/bachillerato\/wp-json\/wp\/v2\/users\/11"}],"replies":[{"embeddable":true,"href":"https:\/\/generales.uprrp.edu\/bachillerato\/wp-json\/wp\/v2\/comments?post=759"}],"version-history":[{"count":5,"href":"https:\/\/generales.uprrp.edu\/bachillerato\/wp-json\/wp\/v2\/pages\/759\/revisions"}],"predecessor-version":[{"id":1402,"href":"https:\/\/generales.uprrp.edu\/bachillerato\/wp-json\/wp\/v2\/pages\/759\/revisions\/1402"}],"wp:attachment":[{"href":"https:\/\/generales.uprrp.edu\/bachillerato\/wp-json\/wp\/v2\/media?parent=759"}],"curies":[{"name":"wp","href":"https:\/\/api.w.org\/{rel}","templated":true}]}}