{"id":553,"date":"2021-09-13T15:13:49","date_gmt":"2021-09-13T15:13:49","guid":{"rendered":"https:\/\/generales.uprrp.edu\/programa-bachillerato\/?page_id=553"},"modified":"2025-10-22T20:19:03","modified_gmt":"2025-10-22T20:19:03","slug":"conservacion-patrimonio-cultural-tangible","status":"publish","type":"page","link":"https:\/\/generales.uprrp.edu\/bachillerato\/conservacion-patrimonio-cultural-tangible\/","title":{"rendered":"Concentraci\u00f3n Menor en Conservaci\u00f3n de Patrimonio Cultural Tangible"},"content":{"rendered":"<p><iframe loading=\"lazy\" title=\"Institucional Conservaci\u00f3n UPR\" src=\"https:\/\/player.vimeo.com\/video\/574013470?h=28d0de8869&amp;dnt=1&amp;app_id=122963\" width=\"708\" height=\"398\" frameborder=\"0\" allow=\"autoplay; fullscreen; picture-in-picture; clipboard-write; encrypted-media; web-share\" referrerpolicy=\"strict-origin-when-cross-origin\"><\/iframe><\/p>\n<p>La Concentraci\u00f3n Menor en Conservaci\u00f3n de Patrimonio Cultural Tangible (CM-CPTC) establece una secuencia curricular que posibilita a los interesados introducirse en el \u00e1rea de la conservaci\u00f3n. Dos cursos, uno de introducci\u00f3n y el proyecto de conclusi\u00f3n de la concentraci\u00f3n, son de la Facultad de Estudios Generales; los dem\u00e1s los ofrecen las distintas unidades del Recinto. La concentraci\u00f3n no busca formar conservadores \u2013 hace falta a\u00f1os de conocimiento y experiencia para ello &#8211; sino preparar al estudiante para el acceso al campo, provee informaci\u00f3n y contactos de diferentes programas de post grado en diversos pa\u00edses, posibilita la creaci\u00f3n de un portafolio de proyectos, etc.<\/p>\n<p>La concentraci\u00f3n est\u00e1 adscrita al <a href=\"https:\/\/generales.uprrp.edu\/bachillerato\/\"><span data-olk-copy-source=\"MessageBody\">Programa de Bachillerato en Artes en Estudios Generales de la<\/span>\u00a0Facultad de Estudios Generales<\/a>, fue aprobada por el Senado Acad\u00e9mico de la UPRRP, mediante la <a href=\"https:\/\/senado.uprrp.edu\/wp-content\/uploads\/2021\/04\/CSA-80-2020-2021.pdf\" target=\"_blank\" rel=\"noopener\">CERTIFICACI\u00d3N 80 (2020-2021)<\/a> y reconocida por la Vice-Presidencia de Asuntos Acad\u00e9micos de la UPR. La CM-CPTC est\u00e1 abierta a todos los estudiantes del Recinto, independientemente del Programa al que est\u00e9 originariamente adscrito.<\/p>\n<p><a href=\"https:\/\/generales.uprrp.edu\/bachillerato\/wp-content\/uploads\/sites\/9\/2025\/10\/opusculo-CM-Conservacion-CMCPCT-rev2025.pdf\" target=\"_blank\" rel=\"noopener noreferrer\">Ver op\u00fasculo informativo de la concentraci\u00f3n<\/a>.<\/p>\n","protected":false},"excerpt":{"rendered":"<p>La Concentraci\u00f3n Menor en Conservaci\u00f3n de Patrimonio Cultural Tangible (CM-CPTC) establece una secuencia curricular que posibilita a los interesados introducirse en el \u00e1rea de la conservaci\u00f3n. Dos cursos, uno de introducci\u00f3n y el proyecto de conclusi\u00f3n de la concentraci\u00f3n, son de la Facultad de Estudios Generales; los dem\u00e1s los ofrecen las distintas unidades del Recinto.<\/p>\n","protected":false},"author":11,"featured_media":0,"parent":0,"menu_order":0,"comment_status":"closed","ping_status":"closed","template":"","meta":{"footnotes":""},"class_list":["post-553","page","type-page","status-publish"],"amp_enabled":true,"_links":{"self":[{"href":"https:\/\/generales.uprrp.edu\/bachillerato\/wp-json\/wp\/v2\/pages\/553","targetHints":{"allow":["GET"]}}],"collection":[{"href":"https:\/\/generales.uprrp.edu\/bachillerato\/wp-json\/wp\/v2\/pages"}],"about":[{"href":"https:\/\/generales.uprrp.edu\/bachillerato\/wp-json\/wp\/v2\/types\/page"}],"author":[{"embeddable":true,"href":"https:\/\/generales.uprrp.edu\/bachillerato\/wp-json\/wp\/v2\/users\/11"}],"replies":[{"embeddable":true,"href":"https:\/\/generales.uprrp.edu\/bachillerato\/wp-json\/wp\/v2\/comments?post=553"}],"version-history":[{"count":30,"href":"https:\/\/generales.uprrp.edu\/bachillerato\/wp-json\/wp\/v2\/pages\/553\/revisions"}],"predecessor-version":[{"id":1423,"href":"https:\/\/generales.uprrp.edu\/bachillerato\/wp-json\/wp\/v2\/pages\/553\/revisions\/1423"}],"wp:attachment":[{"href":"https:\/\/generales.uprrp.edu\/bachillerato\/wp-json\/wp\/v2\/media?parent=553"}],"curies":[{"name":"wp","href":"https:\/\/api.w.org\/{rel}","templated":true}]}}