{"id":39,"date":"2016-05-25T14:18:32","date_gmt":"2016-05-25T14:18:32","guid":{"rendered":"http:\/\/generalesdv.uprrp.edu\/programa-bachillerato\/?page_id=39"},"modified":"2025-10-21T15:48:02","modified_gmt":"2025-10-21T15:48:02","slug":"cursos-medulares","status":"publish","type":"page","link":"https:\/\/generales.uprrp.edu\/bachillerato\/cursos-medulares\/","title":{"rendered":"Cursos Medulares"},"content":{"rendered":"<h2 id=\"sites-page-title-header\" align=\"left\">Componente medular<\/h2>\n<hr \/>\n<p>El componente medular del Programa de Bachillerato se distribuye en dos grupos de cursos: cursos de concentraci\u00f3n con la codificaci\u00f3n ESGE (51 cr\u00e9ditos) y cursos del conjunto estructurado (15 cr\u00e9ditos en cursos dirigidos).<\/p>\n<hr \/>\n<h4><b>I. Cursos de concentraci\u00f3n <\/b>(51 cr\u00e9ditos)<\/h4>\n<p><strong style=\"font-size: 16px; font-family: arial, sans-serif; color: #000000;\">ESGE 3008 <\/strong>Razonamiento l\u00f3gico matem\u00e1tico y an\u00e1lisis cuantitativo<\/p>\n<p><strong style=\"font-size: 16px; font-family: arial, sans-serif; color: #000000;\">ESGE 3038**<\/strong> Writing as discourse, reflection and reasoning: the essay<\/p>\n<p><strong style=\"font-size: 16px; font-family: arial, sans-serif; color: #000000;\">ESGE 3130**<\/strong>\u00a0Redacci\u00f3n como proceso de razonamiento<\/p>\n<p><strong>ESGE 3161*<\/strong> Problemas en la construcci\u00f3n del conocimiento I<\/p>\n<p><strong>ESGE 3162*<\/strong> Problemas en la construcci\u00f3n del conocimiento II<\/p>\n<p><strong>ESGE 3163*<\/strong> Problemas en la construcci\u00f3n del conocimiento III<\/p>\n<p><strong>ESGE 3305<\/strong> El uso de la tecnolog\u00eda en la investigaci\u00f3n<\/p>\n<p><strong>ESGE 4101<\/strong> M\u00e9todos y t\u00e9cnicas de investigaci\u00f3n<\/p>\n<p><strong>ESGE 4102<\/strong> Investigaci\u00f3n interdisciplinaria: Tesina, experiencia de investigaci\u00f3n o trabajo de creaci\u00f3n<\/p>\n<p><strong>ESGE 4121<\/strong> Fundamentos epistemol\u00f3gicos de las Humanidades I<\/p>\n<p><strong>ESGE 4122<\/strong> Fundamentos epistemol\u00f3gicos de las Humanidades II<\/p>\n<p><strong>ESGE 4141<\/strong> Pensamiento puertorrique\u00f1o y realidad nacional I<\/p>\n<p><strong>ESGE4142<\/strong> Pensamiento puertorrique\u00f1o y realidad nacional II<\/p>\n<p><strong>ESGE 4161*<\/strong> Fundamentos epistemol\u00f3gicos de las Ciencias Sociales I<\/p>\n<p><strong>ESGE 4162*<\/strong> Fundamentos epistemol\u00f3gicos de las Ciencias Sociales II<\/p>\n<p><strong>ESGE 4185<\/strong> Fundamentos epistemol\u00f3gicos de las Ciencias Biol\u00f3gicas<\/p>\n<p><strong>ESGE 4186<\/strong> Fundamentos epistemol\u00f3gicos de las Ciencias F\u00edsicas<\/p>\n<p><strong>ESGE 4305<\/strong> Seminario de integraci\u00f3n interdisciplinaria del conocimiento<\/p>\n<p><strong>Los cursos con un asterisco * cumplen con el requisito de Ciencias Sociales de la Escuela de Medicina del Recinto de Ciencias M\u00e9dicas y los que tienen dos ** cumplen con los requisitos de Ingl\u00e9s y Espa\u00f1ol respectivamente.<\/strong><\/p>\n<h4><b>II. Conjunto estructurado\u00a0<\/b>(15 cr\u00e9ditos)<\/h4>\n<p>Como parte del componente medular, cada estudiante tiene la posibilidad de dise\u00f1ar una secuencia de 15 cr\u00e9ditos de alg\u00fan tema de inter\u00e9s que puede tomar en cualquier facultad o programa del Recinto.<\/p>\n","protected":false},"excerpt":{"rendered":"<p>Componente medular El componente medular del Programa de Bachillerato se distribuye en dos grupos de cursos: cursos de concentraci\u00f3n con la codificaci\u00f3n ESGE (51 cr\u00e9ditos) y cursos del conjunto estructurado (15 cr\u00e9ditos en cursos dirigidos). I. Cursos de concentraci\u00f3n (51 cr\u00e9ditos) ESGE 3008 Razonamiento l\u00f3gico matem\u00e1tico y an\u00e1lisis cuantitativo ESGE 3038** Writing as discourse, reflection<\/p>\n","protected":false},"author":2,"featured_media":0,"parent":0,"menu_order":0,"comment_status":"closed","ping_status":"closed","template":"page-templates\/blocks.php","meta":{"footnotes":""},"class_list":["post-39","page","type-page","status-publish"],"amp_enabled":true,"_links":{"self":[{"href":"https:\/\/generales.uprrp.edu\/bachillerato\/wp-json\/wp\/v2\/pages\/39","targetHints":{"allow":["GET"]}}],"collection":[{"href":"https:\/\/generales.uprrp.edu\/bachillerato\/wp-json\/wp\/v2\/pages"}],"about":[{"href":"https:\/\/generales.uprrp.edu\/bachillerato\/wp-json\/wp\/v2\/types\/page"}],"author":[{"embeddable":true,"href":"https:\/\/generales.uprrp.edu\/bachillerato\/wp-json\/wp\/v2\/users\/2"}],"replies":[{"embeddable":true,"href":"https:\/\/generales.uprrp.edu\/bachillerato\/wp-json\/wp\/v2\/comments?post=39"}],"version-history":[{"count":27,"href":"https:\/\/generales.uprrp.edu\/bachillerato\/wp-json\/wp\/v2\/pages\/39\/revisions"}],"predecessor-version":[{"id":1418,"href":"https:\/\/generales.uprrp.edu\/bachillerato\/wp-json\/wp\/v2\/pages\/39\/revisions\/1418"}],"wp:attachment":[{"href":"https:\/\/generales.uprrp.edu\/bachillerato\/wp-json\/wp\/v2\/media?parent=39"}],"curies":[{"name":"wp","href":"https:\/\/api.w.org\/{rel}","templated":true}]}}