{"id":95,"date":"2022-02-24T19:44:18","date_gmt":"2022-02-24T19:44:18","guid":{"rendered":"https:\/\/generales.uprrp.edu\/afrodescendencia\/?page_id=95"},"modified":"2022-03-01T13:51:26","modified_gmt":"2022-03-01T13:51:26","slug":"sobre-el-proyecto","status":"publish","type":"page","link":"https:\/\/generales.uprrp.edu\/afrodescendencia\/sobre-el-proyecto\/","title":{"rendered":"Sobre el Proyecto"},"content":{"rendered":"<p><strong>Visi\u00f3n<\/strong><\/p>\n<p>Desarrollar en el Caribe Hispano y Latinoam\u00e9rica la primera concentraci\u00f3n a nivel subgraduado enfocada en estudios de afrodescendencia, racialidad, afrodi\u00e1spora y todas las disciplinas interconectadas a una perspectiva racial.<\/p>\n<p><strong>Misi\u00f3n <\/strong><\/p>\n<p>Promover la investigaci\u00f3n, estudios y desarrollo profesional en estudios de afrodescendencia y racialidad desde una perspectiva interdisciplinaria.<\/p>\n<p><strong>Objetivos<\/strong><\/p>\n<ul>\n<li>Sentar las bases para la diversificaci\u00f3n acad\u00e9mica inclusiva en la Universidad de Puerto Rico que ofrezcan las herramientas para contribuir a cambios en la pol\u00edtica p\u00fablica de nuestra instituci\u00f3n y de gobierno.<\/li>\n<li>Promover los estudios comparativos en Afrodescendencia y Racializaci\u00f3n en Latinoam\u00e9rica, el Caribe y Afroam\u00e9rica.<\/li>\n<li>Ofrecer formaci\u00f3n educativa para el desarrollo de nuevas profesiones con especializaciones en Afrodescendencia y Racializaci\u00f3n.<\/li>\n<li>Promover la investigaci\u00f3n en todos nuestros niveles acad\u00e9micos.<\/li>\n<li>Ofrecer dos puestos postdoctorales para la ense\u00f1anza , investigaci\u00f3n y desarrollo posterior de grados acad\u00e9micos mayores.<\/li>\n<li>Apoyar la celebraci\u00f3n anual del Congreso de Afrodescendencia en la Universidad de Puerto Rico.<\/li>\n<\/ul>\n","protected":false},"excerpt":{"rendered":"<p>Visi\u00f3n Desarrollar en el Caribe Hispano y Latinoam\u00e9rica la primera concentraci\u00f3n a nivel subgraduado enfocada en estudios de afrodescendencia, racialidad, afrodi\u00e1spora y todas las disciplinas interconectadas a una perspectiva racial. Misi\u00f3n Promover la investigaci\u00f3n, estudios y desarrollo profesional en estudios de afrodescendencia y racialidad desde una perspectiva interdisciplinaria. Objetivos Sentar las bases para la diversificaci\u00f3n<\/p>\n","protected":false},"author":11,"featured_media":0,"parent":0,"menu_order":0,"comment_status":"closed","ping_status":"closed","template":"","meta":{"footnotes":""},"class_list":["post-95","page","type-page","status-publish"],"_links":{"self":[{"href":"https:\/\/generales.uprrp.edu\/afrodescendencia\/wp-json\/wp\/v2\/pages\/95","targetHints":{"allow":["GET"]}}],"collection":[{"href":"https:\/\/generales.uprrp.edu\/afrodescendencia\/wp-json\/wp\/v2\/pages"}],"about":[{"href":"https:\/\/generales.uprrp.edu\/afrodescendencia\/wp-json\/wp\/v2\/types\/page"}],"author":[{"embeddable":true,"href":"https:\/\/generales.uprrp.edu\/afrodescendencia\/wp-json\/wp\/v2\/users\/11"}],"replies":[{"embeddable":true,"href":"https:\/\/generales.uprrp.edu\/afrodescendencia\/wp-json\/wp\/v2\/comments?post=95"}],"version-history":[{"count":2,"href":"https:\/\/generales.uprrp.edu\/afrodescendencia\/wp-json\/wp\/v2\/pages\/95\/revisions"}],"predecessor-version":[{"id":298,"href":"https:\/\/generales.uprrp.edu\/afrodescendencia\/wp-json\/wp\/v2\/pages\/95\/revisions\/298"}],"wp:attachment":[{"href":"https:\/\/generales.uprrp.edu\/afrodescendencia\/wp-json\/wp\/v2\/media?parent=95"}],"curies":[{"name":"wp","href":"https:\/\/api.w.org\/{rel}","templated":true}]}}